{"id":730,"date":"2010-04-09T20:04:21","date_gmt":"2010-04-09T19:04:21","guid":{"rendered":"http:\/\/www.skip.cz\/milan\/?page_id=730"},"modified":"2010-04-09T20:04:21","modified_gmt":"2010-04-09T19:04:21","slug":"fotogalerie-4","status":"publish","type":"page","link":"https:\/\/www.slim2009.cz\/wordpress\/fotogalerie-4\/","title":{"rendered":"FotoGalerie"},"content":{"rendered":"<p>P\u0159\u00edstup do fotogalerie &#8211; <a href=\"http:\/\/www.slim2009.cz\/photo\" target=\"_blank\" rel=\"noopener\">TADY www.slim2009.cz\/photo<\/a><br \/>\n<span style=\"color: #ff6600;\">Pro prohl\u00ed\u017een\u00ed fotogalerie se p\u0159ihla\u0161te u\u017eivatelsk\u00fdm jm\u00e9nem &#8222;user&#8220; bez hesla. viz obr\u00e1zek.<\/span><br \/>\n<a href=\"http:\/\/www.slim2009.cz\/wordpress\/wp-content\/uploads\/2021\/11\/Photos01all-2.jpg\" target=\"_blank\" rel=\"noopener\"><img loading=\"lazy\" decoding=\"async\" class=\"alignright wp-image-4954\" src=\"http:\/\/slim2009.cz\/wordpress\/wp-content\/uploads\/2021\/11\/Photos01all-300x170.jpg\" alt=\"\" width=\"512\" height=\"290\" \/><\/a><\/p>\n<p>1. Album &#8211; <a href=\"http:\/\/www.slim2009.cz\/photo\/#\/shared_space\/folder\/7\" target=\"_blank\" rel=\"noopener\">Crnci (Neg\u0159i)<\/a><\/p>\n<p>2. Album &#8211; <a href=\"http:\/\/www.slim2009.cz\/photo\/#\/shared_space\/folder\/27?_k=i739dy\" target=\"_blank\" rel=\"noopener\">Dovolen\u00e1<\/a><\/p>\n<p>3. Album &#8211; <a href=\"http:\/\/www.slim2009.cz\/photo\/#\/shared_space\/folder\/3?_k=ubhiab\" target=\"_blank\" rel=\"noopener\">Ostatn\u00ed<\/a>\u00a0 \u00a0 \u00a0( oslavy, v\u00e1noce, modely, reklamy, leteck\u00fd dny, svatby, zahr\u00e1dka )<\/p>\n<p>4. Album &#8211; <a href=\"http:\/\/www.slim2009.cz\/photo\/#\/shared_space\/folder\/61?_k=x6vzqy\" target=\"_blank\" rel=\"noopener\">SHA Gallery<\/a>\u00a0 ( art, krajina, Trutnov, zv\u00ed\u0159ata )<\/p>\n<p>5. Album &#8211; <a href=\"http:\/\/www.slim2009.cz\/photo\/#\/shared_space\/folder\/84?_k=hr30tk\" target=\"_blank\" rel=\"noopener\">Vandry<\/a><\/p>\n<p>6. Album &#8211; <a href=\"http:\/\/www.slim2009.cz\/photo\/#\/shared_space\/folder\/16?_k=98rhrw\" target=\"_blank\" rel=\"noopener\">V\u00fdlety<\/a><\/p>\n<p>7. Album &#8211; <a href=\"http:\/\/www.slim2009.cz\/photo\/#\/shared_space\/folder\/26?_k=or1os3\" target=\"_blank\" rel=\"noopener\">V\u010dely<\/a><\/p>\n<p>8. Album &#8211; <a href=\"http:\/\/www.slim2009.cz\/photo\/#\/shared_space\/folder\/19?_k=end1s3\" target=\"_blank\" rel=\"noopener\">\u017deleznice<\/a><\/p>\n","protected":false},"excerpt":{"rendered":"<p>P\u0159\u00edstup do fotogalerie &#8211; TADY www.slim2009.cz\/photo Pro prohl\u00ed\u017een\u00ed fotogalerie se p\u0159ihla\u0161te u\u017eivatelsk\u00fdm jm\u00e9nem &#8222;user&#8220; bez hesla. viz obr\u00e1zek. 1. Album &#8211; Crnci (Neg\u0159i) 2. Album &#8211; Dovolen\u00e1 3. Album &#8211; Ostatn\u00ed\u00a0 \u00a0 \u00a0( oslavy, v\u00e1noce, modely, reklamy, leteck\u00fd dny, svatby, &hellip; <a href=\"https:\/\/www.slim2009.cz\/wordpress\/fotogalerie-4\/\">Cel\u00fd p\u0159\u00edsp\u011bvek <span class=\"meta-nav\">&rarr;<\/span><\/a><\/p>\n","protected":false},"author":1,"featured_media":0,"parent":0,"menu_order":4,"comment_status":"closed","ping_status":"closed","template":"","meta":{"footnotes":""},"class_list":["post-730","page","type-page","status-publish","hentry"],"_links":{"self":[{"href":"https:\/\/www.slim2009.cz\/wordpress\/wp-json\/wp\/v2\/pages\/730","targetHints":{"allow":["GET"]}}],"collection":[{"href":"https:\/\/www.slim2009.cz\/wordpress\/wp-json\/wp\/v2\/pages"}],"about":[{"href":"https:\/\/www.slim2009.cz\/wordpress\/wp-json\/wp\/v2\/types\/page"}],"author":[{"embeddable":true,"href":"https:\/\/www.slim2009.cz\/wordpress\/wp-json\/wp\/v2\/users\/1"}],"replies":[{"embeddable":true,"href":"https:\/\/www.slim2009.cz\/wordpress\/wp-json\/wp\/v2\/comments?post=730"}],"version-history":[{"count":0,"href":"https:\/\/www.slim2009.cz\/wordpress\/wp-json\/wp\/v2\/pages\/730\/revisions"}],"wp:attachment":[{"href":"https:\/\/www.slim2009.cz\/wordpress\/wp-json\/wp\/v2\/media?parent=730"}],"curies":[{"name":"wp","href":"https:\/\/api.w.org\/{rel}","templated":true}]}}