{"id":5305,"date":"2022-12-07T20:34:55","date_gmt":"2022-12-07T19:34:55","guid":{"rendered":"http:\/\/188.120.214.195\/?page_id=5305"},"modified":"2025-10-28T09:36:56","modified_gmt":"2025-10-28T08:36:56","slug":"nove-dresy-2023","status":"publish","type":"page","link":"https:\/\/www.slim2009.cz\/wordpress\/archivalie\/archiv-crnci\/nove-dresy-2023\/","title":{"rendered":"Nov\u00e9 dresy 2023"},"content":{"rendered":"<div id=\"col-1\" class=\"krown-column-container clearfix span8\">\n<div class=\"col col-content\">\n<div class=\"col col-content\">\n<div class=\"box-article\">\n<h1>Bajker\u0161t\u00ed reprezentanti budou jezdit v nov\u00fdch dresech, sad\u011b dominuje goril\u00e1k<\/h1>\n<\/div>\n<\/div>\n<p>Trutnov \u2013 Podkrkono\u0161sk\u00e1 bajkersk\u00e1 reprezentace bude od prvn\u00edch jarn\u00edch kilometr\u016f 2023 vyj\u00ed\u017ed\u011bt v nov\u00fdch dresech. Varianta s\u00a0kr\u00e1tk\u00fdm ruk\u00e1vem odkazuje na minulost a dominuje ji b\u00edl\u00fd n\u00e1pis Crnci a velk\u00fd goril\u00e1k horsk\u00fd na p\u0159edn\u00ed stran\u011b. Varianta s\u00a0dlouh\u00fdm ruk\u00e1vem naopak \u201ehled\u00ed\u201c do budoucnosti, aby jezdc\u016fm na konci sez\u00f3ny nebyla zima. Dresy jsou t\u00e9m\u011b\u0159 o polovinu leh\u010d\u00ed ne\u017e ty p\u0159edchoz\u00ed, proto\u017ee nejsou zat\u00edm propocen\u00e9 a zad\u011blan\u00e9 od bl\u00e1ta.<\/p>\n<p>Dresy podle autora odkazuj\u00ed na \u00fasp\u011bchy zejm\u00e9na z let 2017, 2018 a 2020, kdy t\u00fdm z\u00edskal na hlavn\u00edch podnic\u00edch sez\u00f3ny n\u011bkolik trofej\u00ed v podob\u011b solidn\u00edch dr\u017ekop\u00e1d\u016f a krvav\u00fdch zran\u011bn\u00ed. \u201e\u010cerven\u00e1 varianta je klasika, kter\u00e1 k na\u0161\u00ed reprezentaci neodmysliteln\u011b pat\u0159\u00ed. Velk\u00fd n\u00e1pis na hrudi mi p\u0159ipomn\u011bl dobu, kdy v t\u00fdmu v\u00e1lel t\u0159eba Martin Kub\u00edk. V dne\u0161n\u00ed dob\u011b je m\u00f3da m\u011bnit loga a fonty jako na b\u011b\u017e\u00edc\u00edm p\u00e1su. Ale jak by vypadaly Ha\u0161l\u00e9rky s fontem Dynalight? Asi by si je dost lid\u00ed u\u017e nikdy nekoupilo, v\u010detn\u011b m\u011b. Moc m\u011b t\u011b\u0161\u00ed, \u017ee na na\u0161i historii nezapom\u00edn\u00e1me!\u201c \u0159ekl hlavn\u00ed geront t\u00fdmu Milan Valenta.<\/p>\n<\/div>\n<p>\u201eGoril\u00e1k je v\u00fdrazn\u00fd, douf\u00e1m, \u017ee v\u00fdrazn\u00fd budu i j\u00e1 na trailech. Dresy se mi moc l\u00edb\u00ed, jsou kr\u00e1sn\u00e9 a v jin\u00fdch bych ani nejezdil. Asi je to na posouzen\u00ed ka\u017ed\u00e9ho, ale pro m\u011b je hlavn\u011b d\u016fle\u017eit\u00e9, \u017ee jsem spokojen\u00fd j\u00e1. Kvalita a design je n\u011bco nav\u00edc a jak \u0159\u00edk\u00e1m, pokud by to bylo jinak, musel bych p\u0159estoupit do jin\u00e9ho t\u00fdmu.\u201c uvedl na tiskov\u00e9 konferenci skromn\u011b srdca\u0159 a tahoun t\u00fdmu Pavel Hrne\u010dek.<\/p>\n<p>Varianta s kr\u00e1tk\u00fdm ruk\u00e1vem obsahuje na p\u0159edn\u00ed stran\u011b tak\u00e9 vzpom\u00ednku na Jirku Pale\u010dka, kter\u00fd tak bude alespo\u0148 symbolicky i nad\u00e1le jezdit s t\u00fdmem. Na z\u00e1dech pak najdeme v\u00fd\u010det z\u00e1sadn\u00edch akc\u00ed od roku 2012, kdy se reprezentace poprv\u00e9 probila na \u0161ampion\u00e1t do Rychleb.<\/p>\n<p>Revolu\u010dn\u00ed technologickou novinkou nazvanou JEB\u2122 (Jet Energy Booster) je vybavena verze s dlouh\u00fdm ruk\u00e1vem. Ta pom\u016f\u017ee jezdc\u016fm z\u00edskat extra energii nav\u00edc, kdy\u017e u\u017e budou se silami v konc\u00edch a jejich palec bude na \u0159adic\u00ed p\u00e1\u010dce zoufale hledat leh\u010d\u00ed p\u0159evod. Sta\u010d\u00ed se pod\u00edvat\u00a0na prav\u00fd ruk\u00e1v a booster se s\u00e1m aktivuje\u2026<\/p>\n<p>\u201eOb\u011b proveden\u00ed dres\u016f nep\u0159in\u00e1\u0161ej\u00ed jen nov\u00fd design, ale vyu\u017e\u00edvaj\u00ed i nejmodern\u011bj\u0161\u00ed materi\u00e1ly a technologie. D\u00edky nim jsou nejen leh\u010d\u00ed, ale poskytuj\u00ed jezdc\u016fm i vy\u0161\u0161\u00ed v\u00fdkon a v\u011bt\u0161\u00ed komfort. Dresy jsou nav\u00edc vyrobeny z recyklovateln\u00fdch bio materi\u00e1l\u016f (100% pes), co\u017e je n\u00e1\u0161 p\u0159\u00edsp\u011bvek k lep\u0161\u00ed budoucnosti. A kdo se boj\u00ed, \u017ee mu n\u011bkdo rozbije cifern\u00edk, tak m\u016f\u017ee jezdit s F\u00e1nou!\u201c shrnul z\u00e1v\u011brem z\u00e1stupce (kapit\u00e1na) Zden\u011bk Kub\u00edk.<\/p>\n<p>Reprezentanti se v nov\u00fdch dresech poprv\u00e9 p\u0159edstav\u00ed 27. b\u0159ezna 2023 na prvn\u00ed pond\u011bln\u00ed vyj\u00ed\u017e\u010fce k\u00a0Maru\u0161\u2026<\/p>\n<p>P\u0159e\u010dti si tak\u00e9 ofici\u00e1ln\u00ed verzi pro \u010cTK:\u00a0<a href=\"https:\/\/www.ceskenoviny.cz\/zpravy\/fotbalovi-reprezentanti-budou-hrat-v-novych-dresech-cervene-sade-dominuje-lev\/2250613\">https:\/\/www.ceskenoviny.cz\/zpravy\/reprezentanti-budou-jezdit-v-novych-dresech-sade-dominuje-gorilak<\/a><\/p>\n<\/div>\n<div id=\"col-2\" class=\"krown-column-container clearfix span4\">\n<div class=\"krown-thumbnail-gallery clearfix\"><a class=\"fancybox fancybox-thumb first\" href=\"https:\/\/tomhorak.cz\/wp-content\/uploads\/2022\/12\/crnci-mtb-dres-cervena-pd-2.png\" target=\"_blank\" rel=\"noopener\" data-fancybox-group=\"gallery-1\" data-fancybox-title=\"\u010cERVEN\u00c1 - gorilla blood red\"><img loading=\"lazy\" decoding=\"async\" class=\"alignnone\" src=\"https:\/\/tomhorak.cz\/wp-content\/uploads\/2022\/12\/crnci-mtb-dres-cervena-pd-2.png\" alt=\"\" width=\"270\" height=\"270\" \/><\/a><a class=\"fancybox fancybox-thumb last\" href=\"https:\/\/tomhorak.cz\/wp-content\/uploads\/2022\/12\/crnci-mtb-dres-cervena-zd-1.png\" target=\"_blank\" rel=\"noopener\" data-fancybox-group=\"gallery-1\" data-fancybox-title=\"\u010cERVEN\u00c1 - gorilla blood red\"><img loading=\"lazy\" decoding=\"async\" class=\"alignnone\" src=\"https:\/\/tomhorak.cz\/wp-content\/uploads\/2022\/12\/crnci-mtb-dres-cervena-zd-1.png\" alt=\"\" width=\"270\" height=\"270\" \/><\/a><a class=\"fancybox fancybox-thumb first\" href=\"https:\/\/tomhorak.cz\/wp-content\/uploads\/2022\/12\/gorilak.png\" target=\"_blank\" rel=\"noopener\" data-fancybox-group=\"gallery-1\" data-fancybox-title=\"Goril\u00e1k\"><img loading=\"lazy\" decoding=\"async\" class=\"alignnone\" src=\"https:\/\/tomhorak.cz\/wp-content\/uploads\/2022\/12\/gorilak.png\" alt=\"\" width=\"270\" height=\"270\" \/><\/a><a class=\"fancybox fancybox-thumb last\" href=\"https:\/\/tomhorak.cz\/wp-content\/uploads\/2022\/12\/zada.png\" target=\"_blank\" rel=\"noopener\" data-fancybox-group=\"gallery-1\" data-fancybox-title=\"Z\u00e1da\"><img loading=\"lazy\" decoding=\"async\" class=\"alignnone\" src=\"https:\/\/tomhorak.cz\/wp-content\/uploads\/2022\/12\/zada.png\" alt=\"\" width=\"270\" height=\"270\" \/><\/a><a class=\"fancybox fancybox-thumb first\" href=\"https:\/\/tomhorak.cz\/wp-content\/uploads\/2022\/12\/crnci-mtb-dres-oranzova.png\" target=\"_blank\" rel=\"noopener\" data-fancybox-group=\"gallery-1\" data-fancybox-title=\"ORAN\u017dOV\u00c1 - coral orange\"><img loading=\"lazy\" decoding=\"async\" class=\"alignnone\" src=\"https:\/\/tomhorak.cz\/wp-content\/uploads\/2022\/12\/crnci-mtb-dres-oranzova.png\" alt=\"\" width=\"270\" height=\"270\" \/><\/a><a class=\"fancybox fancybox-thumb last\" href=\"https:\/\/tomhorak.cz\/wp-content\/uploads\/2022\/12\/crnci-mtb-dres-zluta.png\" target=\"_blank\" rel=\"noopener\" data-fancybox-group=\"gallery-1\" data-fancybox-title=\"\u017dLUT\u00c1 - mustard yellow\"><img loading=\"lazy\" decoding=\"async\" class=\"alignnone\" src=\"https:\/\/tomhorak.cz\/wp-content\/uploads\/2022\/12\/crnci-mtb-dres-zluta.png\" alt=\"\" width=\"270\" height=\"270\" \/><\/a><a class=\"fancybox fancybox-thumb first\" href=\"https:\/\/tomhorak.cz\/wp-content\/uploads\/2022\/12\/crnci-mtb-dres-zelena.png\" target=\"_blank\" rel=\"noopener\" data-fancybox-group=\"gallery-1\" data-fancybox-title=\"ZELEN\u00c1 - moss green\"><img loading=\"lazy\" decoding=\"async\" class=\"alignnone\" src=\"https:\/\/tomhorak.cz\/wp-content\/uploads\/2022\/12\/crnci-mtb-dres-zelena.png\" alt=\"\" width=\"270\" height=\"270\" \/><\/a><a class=\"fancybox fancybox-thumb last\" href=\"https:\/\/tomhorak.cz\/wp-content\/uploads\/2022\/12\/crnci-mtb-dres-modra.png\" target=\"_blank\" rel=\"noopener\" data-fancybox-group=\"gallery-1\" data-fancybox-title=\"MODR\u00c1 - teal blue\"><img loading=\"lazy\" decoding=\"async\" class=\"alignnone\" src=\"https:\/\/tomhorak.cz\/wp-content\/uploads\/2022\/12\/crnci-mtb-dres-modra.png\" alt=\"\" width=\"270\" height=\"270\" \/><\/a><a class=\"fancybox fancybox-thumb first\" href=\"https:\/\/tomhorak.cz\/wp-content\/uploads\/2022\/12\/crnci-mtb-dres-dr-pd.png\" target=\"_blank\" rel=\"noopener\" data-fancybox-group=\"gallery-1\" data-fancybox-title=\"Dlouh\u00fd ruk\u00e1v\"><img loading=\"lazy\" decoding=\"async\" class=\"alignnone\" src=\"https:\/\/tomhorak.cz\/wp-content\/uploads\/2022\/12\/crnci-mtb-dres-dr-pd.png\" alt=\"\" width=\"270\" height=\"270\" \/><\/a><a class=\"fancybox fancybox-thumb last\" href=\"https:\/\/tomhorak.cz\/wp-content\/uploads\/2022\/12\/crnci-mtb-dres-dr-zd.png\" target=\"_blank\" rel=\"noopener\" data-fancybox-group=\"gallery-1\" data-fancybox-title=\"Dlouh\u00fd ruk\u00e1v\"><img loading=\"lazy\" decoding=\"async\" class=\"alignnone\" src=\"https:\/\/tomhorak.cz\/wp-content\/uploads\/2022\/12\/crnci-mtb-dres-dr-zd.png\" alt=\"\" width=\"270\" height=\"270\" \/><\/a>\u00a0 \u00a0 Zdroj: <a href=\"https:\/\/tomhorak.cz\/\" target=\"_blank\" rel=\"noopener\">https:\/\/tomhorak.cz\/<\/a><\/div>\n<\/div>\n","protected":false},"excerpt":{"rendered":"<p>Bajker\u0161t\u00ed reprezentanti budou jezdit v nov\u00fdch dresech, sad\u011b dominuje goril\u00e1k Trutnov \u2013 Podkrkono\u0161sk\u00e1 bajkersk\u00e1 reprezentace bude od prvn\u00edch jarn\u00edch kilometr\u016f 2023 vyj\u00ed\u017ed\u011bt v nov\u00fdch dresech. Varianta s\u00a0kr\u00e1tk\u00fdm ruk\u00e1vem odkazuje na minulost a dominuje ji b\u00edl\u00fd n\u00e1pis Crnci a velk\u00fd goril\u00e1k &hellip; <a href=\"https:\/\/www.slim2009.cz\/wordpress\/archivalie\/archiv-crnci\/nove-dresy-2023\/\">Cel\u00fd p\u0159\u00edsp\u011bvek <span class=\"meta-nav\">&rarr;<\/span><\/a><\/p>\n","protected":false},"author":1,"featured_media":0,"parent":5066,"menu_order":17,"comment_status":"closed","ping_status":"closed","template":"","meta":{"footnotes":""},"class_list":["post-5305","page","type-page","status-publish","hentry"],"_links":{"self":[{"href":"https:\/\/www.slim2009.cz\/wordpress\/wp-json\/wp\/v2\/pages\/5305","targetHints":{"allow":["GET"]}}],"collection":[{"href":"https:\/\/www.slim2009.cz\/wordpress\/wp-json\/wp\/v2\/pages"}],"about":[{"href":"https:\/\/www.slim2009.cz\/wordpress\/wp-json\/wp\/v2\/types\/page"}],"author":[{"embeddable":true,"href":"https:\/\/www.slim2009.cz\/wordpress\/wp-json\/wp\/v2\/users\/1"}],"replies":[{"embeddable":true,"href":"https:\/\/www.slim2009.cz\/wordpress\/wp-json\/wp\/v2\/comments?post=5305"}],"version-history":[{"count":1,"href":"https:\/\/www.slim2009.cz\/wordpress\/wp-json\/wp\/v2\/pages\/5305\/revisions"}],"predecessor-version":[{"id":6355,"href":"https:\/\/www.slim2009.cz\/wordpress\/wp-json\/wp\/v2\/pages\/5305\/revisions\/6355"}],"up":[{"embeddable":true,"href":"https:\/\/www.slim2009.cz\/wordpress\/wp-json\/wp\/v2\/pages\/5066"}],"wp:attachment":[{"href":"https:\/\/www.slim2009.cz\/wordpress\/wp-json\/wp\/v2\/media?parent=5305"}],"curies":[{"name":"wp","href":"https:\/\/api.w.org\/{rel}","templated":true}]}}