{"id":4552,"date":"2020-10-17T15:35:01","date_gmt":"2020-10-17T14:35:01","guid":{"rendered":"http:\/\/188.120.214.195\/?page_id=4552"},"modified":"2020-10-17T15:35:01","modified_gmt":"2020-10-17T14:35:01","slug":"kares-2020","status":"publish","type":"page","link":"https:\/\/www.slim2009.cz\/wordpress\/archivalie\/archiv-crnci\/kares-2020\/","title":{"rendered":"Kare\u0161 2020"},"content":{"rendered":"<p>Kouty nad Desnou 24.-27.9.2020<\/p>\n<p>Podzimn\u00ed soust\u0159ed\u011bn\u00ed bajker\u016f ve st\u0159edisku\u00a0vrcholov\u00e9ho chlast\u00e1n\u00ed \u201ePas\u0165\u00e1k\u201c v are\u00e1lu ly\u017ea\u0159sko-bajkersk\u00fdch zlosyn\u016f, Kouty nad Desnou je minulost\u00ed a tak neu\u0161kod\u00ed p\u0159ipomenout si t\u011bch p\u00e1r prchav\u00fdch okam\u017eik\u016f.<a href=\"http:\/\/www.slim2009.cz\/wordpress\/wp-content\/uploads\/2020\/10\/009-2.jpg\" target=\"_blank\" rel=\"noopener noreferrer\"><img loading=\"lazy\" decoding=\"async\" class=\"alignright wp-image-4554\" src=\"http:\/\/www.slim2009.cz\/wordpress\/wp-content\/uploads\/2020\/10\/009-2.jpg\" alt=\"\" width=\"252\" height=\"142\" \/><\/a><br \/>\nTradi\u010dn\u00ed n\u00e1v\u0161t\u011bva Rychleb ztroskotala na zapln\u011bnost ubytovac\u00edch kapacit, nezbylo ne\u017e naj\u00edt lokalitu s voln\u00fdm ubytov\u00e1n\u00edm. Tom\u00e1\u0161 projevil z\u00e1jem sjet se na Kare\u0161i v Koutech a asi u\u017e tehdy kul n\u011bjakou tu pikli nebo co. Booking nab\u00eddnul ubytko v Pas\u0165\u00e1ku pro 14n\u00e1ct zlosyn\u016f ve t\u0159ech zam\u0159\u00ed\u017eovan\u00fdch cel\u00e1ch. Bylo to ubytko bez penze, av\u0161ak s elektrick\u00fdm su\u0161\u00e1kem bot, televiz\u00ed, n\u011bkolika no\u017ei, kastroly na va\u0159en\u00ed a wellnes um\u00edst\u011bn\u00fdm na zahrad\u011b. V\u00fdb\u011br \u0161kv\u00e1ry na p\u0159ed\u010dasn\u00fd zaplacen\u00ed se jako obvykle vleklo, ale nakonec se suma se\u0161la a tak jsme se mohli utrhnout ze \u0159et\u011bzu. V\u011bt\u0161ina zlosyn\u016f p\u0159ev\u00e1\u017en\u011b ze Dvora a okol\u00ed, p\u00e1r i od jinud, sebrala rodin\u011b fuhrwerk, vyplenila obchod se zbo\u017e\u00edm pom\u00edchan\u00fdm, nalo\u017eila kump\u00e1ny, jejich cajky a vyrazila nach Winkelsdorf. N\u00e9 tak Tom\u00e1\u0161, jen\u017e mi p\u0159edal b\u00e1gl s klob\u00e1sou, sv\u011b\u0159il bajk a \u0161el je\u0161t\u011b n\u011bco pod\u011blat do h\u00e1ku s t\u00edm, \u017ee za n\u00e1ma p\u0159ijede do ve\u010dera na \u201efavou\u0161i\u201c. Nic nedbal m\u00fdho varov\u00e1n\u00ed, \u017ee jen \u0161\u00edlenec jede do Kout\u016f na kole, v\u017edy\u0165 je to 160kil\u00e1k\u016f. Tak se stalo, \u017ee jedu p\u0159epln\u011bn\u00fdm autem z Trutnova s\u00e1m. P\u016fvodn\u00ed pl\u00e1n nav\u0161t\u00edvit Bike park v Doln\u00ed Morav\u011b vzal za sv\u00fd z \u010dasov\u00fdch d\u016fvod\u016f, i kdy\u017e\u2026 Vlasta a David \u0159e\u010den\u00fd \u201esand\u00e1l\u201c se na tamn\u00edch trailech povozil. Okolo \u00bd dvan\u00e1ct\u00fd se n\u00e1s dobr\u00e1 polovina chovanc\u016f nach\u00e1zela u Pas\u0165\u00e1ku. Jen\u017ee recepice nep\u0159ij\u00edmala, neb pl\u00e1novanej p\u0159\u00edjezd byl dohodnutej na 15tou hodinu, <a href=\"http:\/\/www.slim2009.cz\/wordpress\/wp-content\/uploads\/2020\/10\/022-2.jpg\" target=\"_blank\" rel=\"noopener noreferrer\"><img loading=\"lazy\" decoding=\"async\" class=\"alignright wp-image-4555\" src=\"http:\/\/www.slim2009.cz\/wordpress\/wp-content\/uploads\/2020\/10\/022-2.jpg\" alt=\"\" width=\"253\" height=\"142\" \/><\/a>tak se u aut p\u0159evl\u00edk\u00e1me do bajkersk\u00fdho a jedeme naj\u00edt \u201eKare\u0161\u201c. Bike park Kare\u0161 nach\u00e1z\u00edme zcela opu\u0161t\u011bnej, zav\u0159enej a s informac\u00ed, \u017ee funguje jen do konce pr\u00e1zdnin. Trochu zklaman\u00fd se p\u0159esunujeme k lanovce pod Medv\u011bd\u00ed horou, kde u kasy \u0161koln\u00edk \u0161kol\u00ed obsluhu z vyd\u00e1v\u00e1n\u00ed j\u00edzdn\u00edch doklad\u016f. Nejd\u0159\u00edv si po\u0159izuje celodenn\u00ed j\u00edzdenku, a\u010d je poledne. Jen\u017ee kdy\u017e vid\u011bl, \u017ee zbytek si kupuje bodovku na 6 j\u00edzd, rozh\u00e1n\u00ed frontu, vytvo\u0159iv\u0161\u00ed se b\u011bhem jeho vrk\u00e1n\u00ed na obsluhou a do\u017eadoval se v\u00fdm\u011bny. Obsluha nezpanika\u0159ila, zcela jasn\u011b poznala klienta Pas\u0165\u00e1ku, jak podle chov\u00e1n\u00ed, tak podle jednotn\u00fdho oble\u010den\u00ed, tud\u00ed\u017e v\u00fdm\u011bnu ud\u011blala bez jak\u00fdchkoliv cavik\u016f. Vybaveni j\u00edzdenkou odj\u00ed\u017ed\u00edme k lanovce, d\u00edky kter\u00fd se zcela hladce ocit\u00e1me naho\u0159e. Mezi t\u00edm Vlasta s Davidem \u0159e\u017eou zat\u00e1\u010dky Selsk\u00fdho a Mamut\u00edho trailu v Doln\u00ed Morav\u011b, zat\u00edm co Tom\u00e1\u0161 na \u201efavou\u0161i\u201c vyvrcholil na \u0160erlichu a co nevid\u011bt se vrhne i na Kr\u00e1l\u00edky. Jako prvn\u00ed j\u00edzdu na rozeh\u0159\u00e1t\u00ed d\u00e1v\u00e1me modrou \u201eUhl\u00ed\u0159skou stopu\u201c. N\u011bkde je sp\u00ed\u0161 \u010derven\u00e1, ale v\u011bt\u0161inou je to pohodovka. P\u0159i druh\u00fd j\u00edzd\u011b se vrh\u00e1me na \u201eStarou medv\u011bdici\u201c. Kone\u010dn\u011b trocha t\u00fd techniky. Dropy, lavice, rolety, klopky, rozdvojen\u00ed lajny a zase spojen\u00ed, se\u0161up mezi \u0161utr\u00e1ky u\u00e1\u00e1\u00e1 a sme zase d\u00f3le u lanovky, jen je n\u00e1s o n\u011bkolik negr\u016f m\u00ed\u0148. Opozdilci se n\u011bkde loudaj, tak jedem nahoru bez nich. Je\u0161t\u011b jednou \u201eMedv\u011bdici\u201c, pak \u0161up na \u010dernou lajnu \u201eKout\u00edk\u016fv sen\u201c. Nejd\u0159\u00edv ale n\u011bco slupnout a pop\u00edt u st\u00e1nku s frontou a \u0161pekem sjetou obsluhou.<a href=\"http:\/\/www.slim2009.cz\/wordpress\/wp-content\/uploads\/2020\/10\/031-2.jpg\" target=\"_blank\" rel=\"noopener noreferrer\"><img loading=\"lazy\" decoding=\"async\" class=\"alignright wp-image-4557\" src=\"http:\/\/www.slim2009.cz\/wordpress\/wp-content\/uploads\/2020\/10\/031-2.jpg\" alt=\"\" width=\"253\" height=\"449\" \/><\/a> Kout\u00edk\u016fv sen byl m\u00edsty dost \u010dernej, ale dal se p\u0159e\u017e\u00edt. P\u0159i \u010dek\u00e1n\u00ed na spu\u0161t\u011bn\u00ed lanovky se objevil Zdenda, p\u0159ijezdv\u0161\u00ed ze \u0160umperka od nejlep\u0161\u00edho p\u0159\u00edtele \u010dlov\u011bka, tch\u00fdn\u011b. Nat\u011b\u0161enej se s n\u00e1ma vrhnul na medv\u011bdici. Opozdilci z p\u0159ede\u0161l\u00fd j\u00edzdy se op\u011bt neobjevili, postr\u00e1d\u00e1me Bu\u0165\u00e1ka ( alias Janko Tla\u010di\u010de ), Lukase i s jeho Bitkoiny a Jirku P\u00f3\u0148u. Neva, jedeme H\u0159ebenovku kombinovanou s modrou lajnou. Na\u0161e posledn\u00ed body dne padnou op\u011bt na Starou medv\u011bdici. Zdenda nebyl je\u0161t\u011b dost vydov\u00e1d\u011bnej a jede nahoru d\u00e1t dal\u0161\u00ed lajny. My se jedeme ubytovat. Tom\u00e1\u0161 se tou dobou koch\u00e1 \u010d\u00edslem 100 na cyklokompj\u016fteru n\u011bkde u Kr\u00e1lik. To za Pas\u0165\u00e1kem v \u201eHosp\u016fdce na Jedno\u201c n\u00e1s v\u00edt\u00e1 \u0160v\u00e1bik, spolu d\u00e1v\u00e1me jedno a pak n\u00e1s jde ubytovat. Vybalujeme. Za n\u011bkolik minut po instalaci sudu je sly\u0161et: \u201ePo\u010f, po\u010f, po\u010f, po\u010f!\u201c (pro pozd\u011bji narozen\u00e9: \u201evrrrr,vrrrr,vrrrr\u201c \ud83d\ude42 ). Sprchujeme si bajkery, zat\u00edm co Tom je n\u011bkde v d\u00ed\u0159e u Hanu\u0161ovic. Jdu na pizzdu do Hosp\u016fdky. Cestou zp\u00e1tky vid\u00edm, \u017ee Vlasta a Dejf jsou z DMka taky v Pas\u0165\u00e1ku. Z apartm\u00e1nu \u010d.9 se stal v\u00fd\u010dep, spole\u010densk\u00e1 m\u00edstnost a o\u0161et\u0159ovna. Luk\u00e1\u0161 se p\u0159i\u0161el zeptat, jestli nem\u00e1me dezifikci. Hle\u010fme, m\u00e1me prvn\u00ed mrtvolu! Prej \u0161up a bylo to! To zn\u00e1m :-). Po Lukasov\u011b o\u0161et\u0159en\u00ed se sesed\u00e1me venku u pivka a Tom\u00e1\u0161 po\u0159\u00e1d \u0161lape. Z Hanu\u0161ovic to m\u00e1 jen kousek p\u0159es P\u0159emyslovsk\u00fd sedlo a s 350ti metrov\u00fdm p\u0159ev\u00fd\u0161en\u00edm. Hrdina a \u0161\u00edlenec se zjevuje se soumrakem s nohama 154km od TU. Ukazuje se Jirka Pavel nov\u00e1 posila. M\u00e1m za to, \u017ee ho spolu s Vlastou a Dejvem uvid\u00edm a\u017e zase v ned\u011bli. Z\u00e1bava se rozproudila, hra v \u201eKl\u00e1sk\u201c propukla, ale v\u0161eho s m\u00edrou. Kolem jeden\u00e1ct\u00fd \u0161lus a sp\u00e1t. R\u00e1no na n\u00e1s \u010dekaj Dlouh\u00fd str\u00e1n\u011b. P\u0159edpov\u011b\u010f na zejtra nen\u00ed p\u0159\u00edzniv\u00e1, m\u00e1 bejt st\u0159\u00eddav\u011b hnusno a sem tam je\u0161t\u011b h\u016f\u0159. R\u00e1no je jako malovan\u00fd, obla\u010dnost tak n\u00edzk\u00e1, \u017ee vytr\u010dit hlavu ze dve\u0159\u00ed, ud\u011bl\u00e1me si bouli. Cela \u010d.9 se po sn\u00eddani rozhodla k odjezdu na Dlouh\u00fd str\u00e1n\u011b. Z jin\u00fdch cel se o n\u011bco pozd\u011bjc vyd\u00e1vaj k lanovce a taky jedou k vrcholu. Jenom o dvou Negrech je jist\u00fd co opravdu d\u011blaj: Mrtvola Luk\u00e1\u0161 je potlu\u010denej, tak\u017ee odpo\u010d\u00edv\u00e1 a Zden\u00e1nek se po sn\u00eddani v hotelu Dlouh\u00fd str\u00e1n\u011b vydal na svatbu. Bereme si kola z kol\u00e1rny a v drobn\u00fdm mrholen\u00ed odj\u00ed\u017ed\u00edme po silnici k prvn\u00ed serpent\u00fdn\u011b sm\u011br Jesen\u00edk, kde odbo\u010dujeme do \u00fadol\u00ed Divok\u00fd Desn\u00fd vedouc\u00ed nejd\u0159\u00edv ke spodn\u00ed n\u00e1dr\u017ei p\u0159e\u010derp\u00e1vac\u00ed elektr\u00e1rny. Ob\u010das lehce pr\u0161\u00e1nkuje, ale v \u00fadol\u00ed nefouk\u00e1, tak to prozat\u00edm jde. Mus\u00edme se dostat z 5set70ti do 1333metr\u016f n\/m to je sotva 762metr\u016f nahoru. Ke spodn\u00ed n\u00e1dr\u017ei se po\u010das\u00ed dr\u017e\u00ed na uzd\u011b, ale jakmile se dost\u00e1v\u00e1me do \u00bet\u011b kopce nad spodn\u00ed n\u00e1dr\u017e, vj\u00ed\u017ed\u00edme do mrak\u016f a mrholen\u00ed je v\u00edc ne\u017e intenzivn\u00ed. U odbo\u010dky Uhl\u00ed\u0159sk\u00fd cesty se k n\u00e1m od lanovky p\u0159id\u00e1vaj\u00ed dal\u0161\u00ed neg\u0159i. Ale s ka\u017ed\u00fdm metrem je vid\u011bt h\u016f\u0159 a h\u016f\u0159. Jakmile se vyhoupneme nad obzor, kter\u00fd nen\u00ed d\u00edky mrakomlze vid\u011bt, p\u0159id\u00e1v\u00e1 se silnej v\u00edtr. Na posledn\u00edm \u00faseku mi \u010delo pelotonu ujelo n\u011bkam do mlhy. Asi se bl\u00ed\u017e\u00ed vrchol, proto\u017ee v\u00edtr se zm\u011bnil ve studenej vichr a hust\u011b m\u017e\u00ed, a\u017e to fl\u00e1k\u00e1 do gezichtu. Z mlhy se vyno\u0159uje bar\u00e1k pod hr\u00e1z\u00ed. D\u00e1l to jde jen po schodech. Proti mn\u011b se vrac\u00ed Hrnec, Palec a Tom. Vylezu na korunu hr\u00e1ze, do gezichtu m\u011b uhod\u00ed ledov\u00e1 r\u00e1na. Vid\u00edm \u00fapln\u00fd hovno, sly\u0161\u00edm fj\u00fa\u00fa\u00fa\u00fa a \u0161plouch\u00e1n\u00ed severn\u00edho ledov\u00fdho oce\u00e1nu. Lezu d\u00f3lu kde v \u00fakrytu vstupu do boudy si v\u0161ichni obl\u00edk\u00e1me v\u0161echno, co m\u00e1me. Pak odj\u00ed\u017ed\u00edme k okru\u017en\u00ed j\u00edzd\u011b okolo koruny horn\u00ed hr\u00e1ze. Peloton se trh\u00e1 a sch\u00e1z\u00ed se a\u017e v Pas\u0165\u00e1ku. S Tomem, kter\u00fdho vid\u00edm, jedeme stejnou cestou kolem spodn\u00ed n\u00e1dr\u017ee. Palec, Hrnec a asi i j\u00edn\u00ed jedou Uhl\u00ed\u0159skou cestou a k Pas\u0165\u00e1ku se dost\u00e1vaj od Koci\u00e1nova skrz Rejhotice. Vy\u017ed\u00edmat hadry, rozv\u011bsit je na topen\u00ed, boty p\u00edchnou na su\u0161\u00e1k, sprcha, j\u00eddlo. N\u011bkolik magor\u016f slovy dva, Hrnec a Palec se rozhodli pou\u017e\u00edt wellnes na zahrad\u011b. To se zvrhlo skoro v \u017eelezn\u00fdho mu\u017ee. Bajk m\u011bli za sebou, v baz\u00e9nu se m\u00e1lem uml\u00e1tili p\u0159i mot\u00fdlku, tak\u017ee sta\u010dilo ub\u011bhnout p\u00e1r kil\u00e1k\u016f skrz Lou\u010dnou zcela bos a nah a to se taky stalo. Jen co se ti dva triatl\u00f3nisti vr\u00e1tili a jen co u\u010dinili interviv\u00e1rium pro Allgemeine molitan zeitung , mohl za\u010d\u00edt kulturn\u00ed program. Tom\u00e1\u0161 pustil odpoledn\u00ed celove\u010der\u00e1k s p\u0159\u00edzna\u010dn\u00fdm n\u00e1zvem Pas\u0165\u00e1k. N\u011bkolik negr\u016f hr\u00e1lo Klask, sem tam si n\u011bkdo bucnul. Film skon\u010dil smrt\u00ed hlavn\u00edho protagonisty, Klask playe\u0159i dohr\u00e1li a mrtvoly na postel\u00edch ob\u017eivly a \u0159kly : \u201eJdem do Bij\u00e1ku, je to kousek za rohem!\u201c V\u0161ichni p\u0159\u00edtomn\u00ed se ihned po \u00faprav\u011b zevn\u011bj\u0161ku odebrali p\u011b\u0161ky pove\u010de\u0159et do <a href=\"http:\/\/www.slim2009.cz\/wordpress\/wp-content\/uploads\/2020\/10\/042-2.jpg\" target=\"_blank\" rel=\"noopener noreferrer\"><img loading=\"lazy\" decoding=\"async\" class=\"alignright wp-image-4558\" src=\"http:\/\/www.slim2009.cz\/wordpress\/wp-content\/uploads\/2020\/10\/042-2.jpg\" alt=\"\" width=\"252\" height=\"168\" \/><\/a>Restaurantu Biograf. \u017de prej za rohem?! \u0160our\u00e1me se 3kil\u00e1ky a fakt je to za n\u011bkolika rohy. V tomhle bij\u00e1ku se sice \u017e\u00e1dnej film nekon\u00e1, ale bar m\u00e1 co nab\u00eddnout. Jirka Ponikelsk\u00fd z chodu objedn\u00e1v\u00e1 pro v\u0161echny koks\u00e1k (rum, cukr a 3 zrnka kafe) jako welcome drink. Obsazujeme m\u00edsta pod pl\u00e1tnem a proto\u017ee m\u00e1me hlad i \u017e\u00edze\u0148, objedn\u00e1v\u00e1me si co\u00a0hrdlo r\u00e1\u010d\u00ed. N\u011bkdo gul\u00e1\u0161, n\u011bkdo hamb\u00e1\u010d, jinej t\u0159eba ovocn\u00fd knedl\u00edky, ale v\u0161ichni p\u00edvo. Z\u00e1bava v rytmu molitanu se rozproudila. Kde se vzal, tu se vzal\u00a0svateb\u010dan Zden\u00e1nek a s n\u00edm Metromolitan. Je\u0161t\u011b p\u00e1r piv a p\u00e1r nemravn\u00fdch n\u00e1vrh\u016f obsluze a bude o tom ps\u00e1t Cosmomolitan. P\u0159ibl\u00ed\u017eil se \u010das odfr\u010det zp\u00e1tky do Pas\u0165\u00e1ku, tak\u017ee plat\u00edme a odch\u00e1z\u00edme no\u010dn\u00edm Koci\u00e1novem na vlak do Lou\u010dn\u00fd. Za\u010d\u00edn\u00e1 kapat a t\u011bsn\u011b p\u0159ed p\u0159\u00edjezdem Regiomolitanpantera u\u017e slu\u0161n\u011b leje. Na kone\u010dn\u00fd v Koutech vystupujeme a \u0161upem do Pas\u0165\u00e1ku. Luk\u00e1\u0161 nalejv\u00e1 jakejsi doj\u010d utrejch Asbach, co\u017e je 8mi let\u00e1 brendy. Je\u0161t\u011b n\u011bkolik piv na dobrou noc, p\u00e1rkr\u00e1t Kl\u00e1sknout, fl\u00e1knout sebou na molitan a sp\u00e1t. Venku leje a leje. R\u00e1no leje a je hnusno. Luk\u00e1\u0161 a \u0160t\u011bp\u00e1n odj\u00ed\u017ed\u00ed dom\u016f. V\u011bt\u0161ina 9tky se po dev\u00e1t\u00fd vydala vlakem do Velk\u00fdch Losin zaplavat si v term\u00e1lu. J\u00e1 si hov\u00edm u telky a hn\u00edpu. Lehce po 14t\u00fd jsou plavci zp\u00e1tky a ihnet se chyst\u00e1me vyrazit bajkovat. Venku se skoro vy\u010dasilo u\u017e neleje, jenom je hnusn\u011b vlhko, i tak v 15:15 vyr\u00e1\u017e\u00edme sm\u011br Je\u0161\u0165\u2026.\u00a0 Altf\u00f3tr. Z hlavn\u00ed silnice odbo\u010dujeme a za\u010d\u00edn\u00e1me stoupat k Petrovce. Peloton se trh\u00e1 u\u017e na za\u010d\u00e1tku stoup\u00e1n\u00ed po vypr\u00e1zdn\u011bn\u00ed balastn\u00edch n\u00e1dr\u017e\u00ed. Je\u0161t\u011b dost daleko za prvn\u00ed serpent\u00fdnou vid\u00edm odpout\u00e1vaj\u00edc\u00ed se trio Hrnec, Palec, Tom a za sebou Honzu s Jirkou. Av\u0161ak u\u017e po t\u0159ech kil\u00e1k\u00e1ch jedu \u00fapln\u011b s\u00e1m, bl\u00ed\u017e mrak\u016fm a infarktu. Na rozcest\u00ed u Petrovky odpo\u010d\u00edv\u00e1m. Nikdo nikde, tak zase vyr\u00e1\u017e\u00edm.<a href=\"http:\/\/www.slim2009.cz\/wordpress\/wp-content\/uploads\/2020\/10\/050-2.jpg\"><img loading=\"lazy\" decoding=\"async\" class=\"alignright wp-image-4559\" src=\"http:\/\/www.slim2009.cz\/wordpress\/wp-content\/uploads\/2020\/10\/050-2.jpg\" alt=\"\" width=\"255\" height=\"340\" \/><\/a> Asfaltka skon\u010dila, d\u00e1l vede lesn\u00ed cesta a ta se je\u0161t\u011b v\u00edc naklonila. Za\u010d\u00edn\u00e1 foukat a tak trochu vj\u00ed\u017ed\u00edm do mrak\u016f. V\u00edtr s\u00edl\u00ed, s\u00edly ubejvaj. Tla\u010d\u00edm asi 100metr\u016f. U Kamz\u00edku se cesta narovnala, ba se i trochu sklonila, ale po kil\u00e1ku zase zprudka stoup\u00e1 a m\u011bn\u00ed se povrch na plac\u00e1ky a \u0161t\u011btov\u00e1n\u00ed. Zase tla\u010d\u00edm. U Slat\u00ed se zase d\u00e1 jet. Za horizontem se plac\u00e1ky m\u011bn\u00ed na d\u0159ev\u011bn\u00fd povaly a u \u0160v\u00fdc\u00e1rny na rozfl\u00e1kanou asfaltku. U \u0160v\u00fdc\u00e1rny nikde nevid\u00edm bajky kluk\u016f, tak\u017ee pokra\u010duju. Cesta zase stoup\u00e1 a ledovej fu\u010d\u00e1k bere s\u00edly. Kv\u016fli zim\u011b si obl\u00edk\u00e1m zimn\u00ed bundu. Bl\u00ed\u017e\u00edm se k rozcest\u00ed pod Prad\u011bdem, mraky houstnou, v\u00edtr s\u00edl\u00ed, s\u00edly doch\u00e1zej. Za rozcest\u00edm by m\u011bl bejt vid\u011bt vys\u00edla\u010d, ale je vid\u011bt \u00fapln\u00fd prd, stejn\u011b jako v\u010dera na Str\u00e1n\u00edch. N\u011bkde nade mnou hu\u010d\u00ed v\u00edtr v ant\u00e9n\u00e1ch. Vid\u011bt je asi na 10metr\u016f, mrznou mi pazoury, do tv\u00e1\u0159\u00ed mi plive Prad\u011bd \u017eiletky. Brejle jsou k ni\u010demu. Za horizontem mi rve vichr \u0159\u00edd\u00edtka z rukou a n\u011bkolikr\u00e1t m\u00e1m pocit, \u017ee vid\u00edm let\u011bt vlo\u010dku. Dopr\u2026. kde je ten zasr\u2026. vys\u00edra\u010d \u00e1\u00e1\u00e1\u00e1\u00e1 tuhle p\u0159\u00edmo p\u0159edemnou. 1h:57min to by jako \u0161lo. Hled\u00e1m, kudy se leze dovnit\u0159. Hrnec mi jde v \u00fastrety a odv\u00e1d\u00ed m\u011b i s kolem do vestibulu. V restrauraci je skoro zapln\u00edno. Vsl\u00edk\u00e1m mokr\u00fd hadry, sed\u00e1m si k triu P.H.T., objedn\u00e1v\u00e1m \u010daj s griotkou. Jak ste tady dlouho? Asi tak 25minut, to je \u010daj a zel\u0148a\u010dka. Dop\u00edj\u00edm \u010daj, plat\u00edme a v tu chv\u00edli vch\u00e1z\u00ed dovnit\u0159 Honza a Ji\u0159\u00ed. Postupujeme jim svoje m\u00edsta, odch\u00e1z\u00edme se p\u0159ipravit na odjezd dol\u016f. P\u0159ed vchodem d\u011bl\u00e1me spole\u010dn\u00fd foto. Lou\u010d\u00edme se s ob\u011bma a vyr\u00e1\u017e\u00edme. V\u00edtr nesl\u00e1bne, Prad\u011bd n\u00e1s fl\u00e1k\u00e1 hadrem na podlahu do gezichtu, kou\u0161e do prst\u016f na ruk\u00e1ch. Za odbo\u010dkou ke \u0160v\u00fdc\u00e1rn\u011b se to trochu zlep\u0161ilo, ale prsty d\u00e1l mrznou v mokr\u00fdch rukavic\u00edch. Zastavujeme u Kamz\u00edku a pak na odbo\u010dce Petrovka. Hrnec s Palcem jedou rovnou na z\u00e1kladnu, j\u00e1 s Tomem odbo\u010dujeme k \u010cervenohorsk\u00fdmu sedlu, proto\u017ee toho je\u0161t\u011b nem\u00e1me dost. Od Petrovky k sedlu, je to a\u017e na prvn\u00edch 200metr\u016f vedouc\u00edch do kopce, skoro po\u0159\u00e1d po vrstevnici. Tady jsme v z\u00e1v\u011bt\u0159\u00ed, tak n\u00e1s tr\u00e1p\u00ed jenom mlha. K \u010cervenohorsk\u00fdmu sedlu p\u0159ij\u00ed\u017ed\u00edme p\u0159ed soumrakem, p\u0159ej\u00ed\u017ed\u00edme silnici a po \u017elut\u00fd zna\u010dce se pou\u0161t\u00edme d\u00f3lu do Kout\u016f. V lese u\u017e je dost temno, kamenit\u00e1 mokr\u00e1 cesta na jistot\u011b nep\u0159id\u00e1, hod\u00ed se proto zapnout v\u0161ech 1200lumen\u016f. S rozsv\u00edcen\u00fdma lucernama se hned jede l\u00edp skrz ostr\u00fd serpent\u00fdny i nakoln\u011bn\u00fd roviny . Za p\u00e1r des\u00edtek minut jsme v Pas\u0165\u00e1ku. Rychle do sprchy, hadry d\u00e1t su\u0161it, boty navl\u00edknout na su\u0161\u00e1k. Vyspr\u0161en\u00fd, p\u0159evl\u00edknut\u00fd do such\u00fdho, odch\u00e1z\u00edme za z\u00e1bavou do Baru Ly\u017e\u00e1rna. Tam u\u017e sed\u00ed Janko Tla\u010di\u010d s Jirkou. Sed\u00e1me si k vedlej\u0161\u00edmu stolu, objedn\u00e1v\u00e1me si Zlosyna a n\u011bco k j\u00eddlu. J\u00e1 s Tomem Pizzu na 1\/2. Mezi t\u00edm se Honza a Ji\u0159\u00ed vrac\u00ed vymydlen\u00fd z Pas\u0165\u00e1ku, tak si sed\u00e1me k velk\u00fdmu stolu. Odkudsi p\u0159ich\u00e1z\u00ed Vlasta, Dejf, Jirka co je Pavel a s n\u00edma \u0160v\u00e1bik. Ten sed\u00ed chv\u00edli s n\u00e1ma a z\u00e1rove\u0148 m\u00e1 jin\u00fd p\u00edvo rozpit\u00fd i u kluk\u016f vedle. Rozproud\u011bnou z\u00e1bavu n\u00e1m kaz\u00ed posledn\u00ed mo\u017en\u00e1 objedn\u00e1vka. V deset se zav\u00edr\u00e1 a \u0161lus. P\u0159esunujeme se do Pas\u0165\u00e1ku, ale i tady si u\u017e v\u00edc p\u00edva ned\u00e1me, nebo\u0165 do\u0161el sud. Su\u0161\u00edme hubu a nedlouho potom jdeme do hajan. Zejtra bal\u00edme a jedem dom\u016f. R\u00e1no d\u00e1v\u00e1me v\u0161echny kr\u00e1my do b\u00e1gl\u016f a chyst\u00e1me se na p\u0159ed\u00e1n\u00ed pokoj\u016f. Nakl\u00e1d\u00e1me svoje bajky, ale a\u017e na trio Vlasta, Dejf a Zdenda, kter\u00fd se zase chystaj na traily. P\u0159ed\u00e1n\u00ed pokoj\u016f dopadlo, tak je\u0161t\u011b polaskat Lipinu a vyr\u00e1\u017e\u00edme. No, tak p\u0159\u00ed\u0161t\u011b zase n\u011bkde.<\/p>\n<p>&nbsp;<\/p>\n<p>Fotky <a href=\"http:\/\/www.slim2009.cz\/photo\/#\/shared_space\/folder\/110?_k=m3rhqz\" target=\"_blank\" rel=\"noopener noreferrer\">tady.<\/a><\/p>\n","protected":false},"excerpt":{"rendered":"<p>Kouty nad Desnou 24.-27.9.2020 Podzimn\u00ed soust\u0159ed\u011bn\u00ed bajker\u016f ve st\u0159edisku\u00a0vrcholov\u00e9ho chlast\u00e1n\u00ed \u201ePas\u0165\u00e1k\u201c v are\u00e1lu ly\u017ea\u0159sko-bajkersk\u00fdch zlosyn\u016f, Kouty nad Desnou je minulost\u00ed a tak neu\u0161kod\u00ed p\u0159ipomenout si t\u011bch p\u00e1r prchav\u00fdch okam\u017eik\u016f. Tradi\u010dn\u00ed n\u00e1v\u0161t\u011bva Rychleb ztroskotala na zapln\u011bnost ubytovac\u00edch kapacit, nezbylo ne\u017e naj\u00edt &hellip; <a href=\"https:\/\/www.slim2009.cz\/wordpress\/archivalie\/archiv-crnci\/kares-2020\/\">Cel\u00fd p\u0159\u00edsp\u011bvek <span class=\"meta-nav\">&rarr;<\/span><\/a><\/p>\n","protected":false},"author":1,"featured_media":0,"parent":5066,"menu_order":13,"comment_status":"closed","ping_status":"closed","template":"","meta":{"footnotes":""},"class_list":["post-4552","page","type-page","status-publish","hentry"],"_links":{"self":[{"href":"https:\/\/www.slim2009.cz\/wordpress\/wp-json\/wp\/v2\/pages\/4552","targetHints":{"allow":["GET"]}}],"collection":[{"href":"https:\/\/www.slim2009.cz\/wordpress\/wp-json\/wp\/v2\/pages"}],"about":[{"href":"https:\/\/www.slim2009.cz\/wordpress\/wp-json\/wp\/v2\/types\/page"}],"author":[{"embeddable":true,"href":"https:\/\/www.slim2009.cz\/wordpress\/wp-json\/wp\/v2\/users\/1"}],"replies":[{"embeddable":true,"href":"https:\/\/www.slim2009.cz\/wordpress\/wp-json\/wp\/v2\/comments?post=4552"}],"version-history":[{"count":0,"href":"https:\/\/www.slim2009.cz\/wordpress\/wp-json\/wp\/v2\/pages\/4552\/revisions"}],"up":[{"embeddable":true,"href":"https:\/\/www.slim2009.cz\/wordpress\/wp-json\/wp\/v2\/pages\/5066"}],"wp:attachment":[{"href":"https:\/\/www.slim2009.cz\/wordpress\/wp-json\/wp\/v2\/media?parent=4552"}],"curies":[{"name":"wp","href":"https:\/\/api.w.org\/{rel}","templated":true}]}}