{"id":4256,"date":"2019-05-28T21:23:35","date_gmt":"2019-05-28T20:23:35","guid":{"rendered":"http:\/\/188.120.214.195\/?page_id=4256"},"modified":"2019-05-28T21:23:35","modified_gmt":"2019-05-28T20:23:35","slug":"setkani-na-vceline","status":"publish","type":"page","link":"https:\/\/www.slim2009.cz\/wordpress\/bulvar\/setkani-na-vceline\/","title":{"rendered":"Setk\u00e1n\u00ed na v\u010del\u00edn\u011b."},"content":{"rendered":"<p><a href=\"http:\/\/www.slim2009.cz\/wordpress\/wp-content\/uploads\/2017\/04\/IMG_8224-3.jpg\"><img loading=\"lazy\" decoding=\"async\" class=\"wp-image-3393 alignright\" src=\"http:\/\/www.slim2009.cz\/wordpress\/wp-content\/uploads\/2017\/04\/IMG_8224-3.jpg\" alt=\"\" width=\"428\" height=\"241\" \/><\/a>Dlouho slibovan\u00fd a pl\u00e1novan\u00fd setk\u00e1n\u00ed p\u0159\u00e1tel na v\u010del\u00edn\u011b se uskute\u010dnilo ve dvou etap\u00e1ch 1. a 19.5.2019.<br \/>\nV\u00a0deset hodin ve st\u0159edu prvn\u00edho kv\u011btna, zaparkovali na smluven\u00e9m m\u00edst\u011b u kontejneru prvn\u00ed n\u00e1v\u0161t\u011bvn\u00edci. Byli to Honza a Jana K\u00e1brtovi a Jirka a Magda Fra\u0148kovi se\u00a0dv\u011bma sv\u00fdmi a jedn\u00edm vyp\u016fj\u010den\u00fdm d\u011bckem. Po p\u0159iv\u00edt\u00e1n\u00ed a sezn\u00e1men\u00ed s\u00a0histori\u00ed Pet\u0159\u00edkovic jsme se odebrali ke v\u010del\u00ednu. Pro\u0161li zem\u011bd\u011blskou usedlost\u00ed Wiesnerov\u00fdch a vystoupali do kopce ke v\u010del\u00e1m k Ren\u010de, kter\u00e1 mezi t\u00edm udr\u017eovala rozp\u00e1len\u00fd gril. \u00a0Do kopce jednomu vyschne v\u00a0hrdle. Na\u0161t\u011bst\u00ed jsou k dispozici z\u00e1soby n\u011bkolika druh\u016f piv, d\u017eus\u016f, kofola, voda, kafe nebo \u010daj. D\u011bcka i dosp\u011blci si nechali p\u0159edv\u00e9st letov\u00fd schopnosti v\u010del, dostalo se jim p\u0159edn\u00e1\u0161ky o jejich \u017eivot\u011b a z\u00a0bl\u00edzka si mohli prohl\u00eddnout otev\u0159en\u00fd \u00fal. V\u010delky byly klidn\u00fd jako M\u00edlius, tak\u017ee nikdo nedostal \u017e\u00e1dn\u00fd pig\u00e1ro. Ren\u010da mezit\u00edm na grilu uklohnila bavorsk\u00fd klob\u00e1sky a \u0161pekul\u00e1\u010dky. Po ob\u011bd\u011b trochu kl\u00e1bos\u00edme o tomhle a tamtom, d\u011bcka \u0161plhaj po stromech i str\u00e1ni v okol\u00ed. Kdy\u017e bylo v\u0161echno probran\u00fd, upito n\u011bkolik d\u017eus\u016f, kaf\u00ed a nealko piv, slezen\u00fd stromy v okol\u00ed, rozlou\u010dili jsme se. Kr\u00e1tce potom co se vzd\u00e1lili, se objevili opozdilci a ejhle op\u011bt K\u00e1brtovi. Tentokr\u00e1t Jan a Petra. Sed\u00edme, pop\u00edj\u00edme nealko pivko, kl\u00e1bos\u00edme a jejda dal\u0161\u00ed p\u0159\u00edchoz\u00ed. Jsou to Valentovi Janina a Libor. Spole\u010dn\u011b pop\u00edj\u00edme, j\u00edme bu\u0159ty a kl\u00e1bos\u00edme. N\u00e1hle jako z\u00a0ud\u011bl\u00e1n\u00ed, p\u0159i\u0161la p\u0159epr\u0161ka a donutila n\u00e1s nat\u00e1hnout plachtu. Jak p\u0159epr\u0161ka p\u0159i\u0161la, tak to ode\u0161la. V\u00a0pozdn\u00edm odpoledni rozpou\u0161t\u00edme sezen\u00ed. Lou\u010d\u00edme se. Kdy\u017e v\u0161ichni ode\u0161li, ukl\u00edz\u00edme a taky jedeme bydlet.<br \/>\nDruh\u00fd napl\u00e1novan\u00fd setk\u00e1n\u00ed v\u00a0ned\u011bli devaten\u00e1ct\u00fdho kv\u011btna, bylo \u010dasov\u011b posunut\u00fd na 1\/2dvan\u00e1ctou. O n\u011bco d\u0159\u00edv se na bajc\u00edch objevil Martin s\u00a0P\u00e1jou. V\u00a011:30 na m\u011b \u010dekalo u kontejneru n\u011bkolik v\u010del dychtiv\u00fdch p\u0159\u00e1tel. Hrne\u010dkovi ve t\u0159ech exempl\u00e1\u0159\u00edch. Kodetovi rovn\u011b\u017e ve t\u0159ech a PH\u00e1\u010dkovi se dv\u011bma vnou\u010daty. N\u00e1sledovala p\u0159edn\u00e1\u0161ka o zalo\u017een\u00ed Petersdorfu. Obec Petersdorf byla zalo\u017eena kolem roku 1012 za vl\u00e1dy Old\u0159icha, nejmlad\u0161\u00edho syna Boleslava II. Jako hornick\u00e1 obec s t\u011b\u017ebou \u017eelezn\u00e9 a manganov\u00e9 rudy. Ze Star\u00fdho mlejna zbyly jen trosky n\u00e1honu a usedlost broumovsk\u00fdho typu Wiesnerov\u00fdch byla citliv\u011b p\u0159estav\u011bna do sou\u010dasn\u00fd podoby v\u00a090t\u00fdch letech minul\u00fdho stolet\u00ed. Nekrmte ani nehla\u010fte domorodce, mohli by si na to zvyknout. Kolem krav se dost\u00e1v\u00e1me ke v\u010del\u00ednu. \u017d\u00edzniv\u00fd dost\u00e1vaj\u00ed nap\u00edt, hladov\u00fd si objedn\u00e1vaj \u0161pek\u00e1\u010dky. Mezit\u00edm prob\u00edh\u00e1 p\u0159edn\u00e1\u0161ka o v\u010del\u00e1ch s\u00a0\u017eivou uk\u00e1zkou letov\u00fdho provozu. Dneska nejsou v\u010delky tak hodn\u00fd, jako posledn\u011b. Nejprve se trochu vyrojily a pak n\u011bkolika vyvolen\u00fdm ukazujou \u017e\u00edhadla z\u00a0bl\u00edzka. A v\u016fbec furt prud\u011bj. Jako prvn\u00ed se lou\u010d\u00ed Martin s\u00a0P\u00e1jou. Mus\u00ed na tr\u00e9nink. My ostatn\u00ed si pov\u00edd\u00e1me, j\u00edme, pijeme kafata a pivs\u00f3ny. Kdy\u017e se v\u0161ichni dozv\u011bd\u011bli o v\u010del\u00e1ch dost, vypili a sn\u011bdli co bylo, do\u0161lo na lou\u010den\u00ed. Jedno oko nez\u016fstalo such\u00fd. Na konec n\u00e1s po de\u0161t\u00edku opustili Petr a Mark\u00e9ta s\u00a0d\u011bckama. Poklidili jsme, zamkli a odjeli bydlet.<br \/>\nNa z\u00e1v\u011br chci pod\u011bkovat v\u0161em, co se z\u00fa\u010dastnili. Ren\u010de \u017ee mi pomohla. Taky d\u011bkuju za d\u00e1rky.<\/p>\n<p>P.S. Ne v\u0161ichni, kte\u0159\u00ed m\u011bli touhu vid\u011bt v\u010delky, se mohli dostavit. Proto slibuju, \u017ee p\u0159\u00ed\u0161t\u00ed rok se pokus\u00edm zase n\u011bco uspo\u0159\u00e1dat.<\/p>\n<p><a href=\"http:\/\/www.slim2009.cz\/photo\/#\/shared_space\/folder\/178?_k=tt3c9d\" target=\"_blank\" rel=\"noopener\">N\u011bkolik fotek je zde.<\/a> (auto\u0159i: Magda a Pavel ).<\/p>\n","protected":false},"excerpt":{"rendered":"<p>Dlouho slibovan\u00fd a pl\u00e1novan\u00fd setk\u00e1n\u00ed p\u0159\u00e1tel na v\u010del\u00edn\u011b se uskute\u010dnilo ve dvou etap\u00e1ch 1. a 19.5.2019. V\u00a0deset hodin ve st\u0159edu prvn\u00edho kv\u011btna, zaparkovali na smluven\u00e9m m\u00edst\u011b u kontejneru prvn\u00ed n\u00e1v\u0161t\u011bvn\u00edci. Byli to Honza a Jana K\u00e1brtovi a Jirka a Magda &hellip; <a href=\"https:\/\/www.slim2009.cz\/wordpress\/bulvar\/setkani-na-vceline\/\">Cel\u00fd p\u0159\u00edsp\u011bvek <span class=\"meta-nav\">&rarr;<\/span><\/a><\/p>\n","protected":false},"author":1,"featured_media":0,"parent":2168,"menu_order":16,"comment_status":"closed","ping_status":"closed","template":"","meta":{"footnotes":""},"class_list":["post-4256","page","type-page","status-publish","hentry"],"_links":{"self":[{"href":"https:\/\/www.slim2009.cz\/wordpress\/wp-json\/wp\/v2\/pages\/4256","targetHints":{"allow":["GET"]}}],"collection":[{"href":"https:\/\/www.slim2009.cz\/wordpress\/wp-json\/wp\/v2\/pages"}],"about":[{"href":"https:\/\/www.slim2009.cz\/wordpress\/wp-json\/wp\/v2\/types\/page"}],"author":[{"embeddable":true,"href":"https:\/\/www.slim2009.cz\/wordpress\/wp-json\/wp\/v2\/users\/1"}],"replies":[{"embeddable":true,"href":"https:\/\/www.slim2009.cz\/wordpress\/wp-json\/wp\/v2\/comments?post=4256"}],"version-history":[{"count":0,"href":"https:\/\/www.slim2009.cz\/wordpress\/wp-json\/wp\/v2\/pages\/4256\/revisions"}],"up":[{"embeddable":true,"href":"https:\/\/www.slim2009.cz\/wordpress\/wp-json\/wp\/v2\/pages\/2168"}],"wp:attachment":[{"href":"https:\/\/www.slim2009.cz\/wordpress\/wp-json\/wp\/v2\/media?parent=4256"}],"curies":[{"name":"wp","href":"https:\/\/api.w.org\/{rel}","templated":true}]}}