{"id":409,"date":"2009-04-25T21:13:47","date_gmt":"2009-04-25T20:13:47","guid":{"rendered":"http:\/\/www.skip.cz\/milan\/?page_id=409"},"modified":"2009-04-25T21:13:47","modified_gmt":"2009-04-25T20:13:47","slug":"cyklovyjezd-hlyseciny","status":"publish","type":"page","link":"https:\/\/www.slim2009.cz\/wordpress\/archivalie\/archiv-crnci\/cyklovyjezd-hlyseciny\/","title":{"rendered":"Cyklov\u00fdjezd H.Lyse\u010diny"},"content":{"rendered":"<p style=\"text-align: left;\">Tak to vy\u0161lo. V\u00fdjezd prob\u011bhl nad o\u010dek\u00e1v\u00e1n\u00ed. Po\u010das\u00ed nebylo nejhor\u0161\u00ed. Slune\u010dno, v\u011btrno, sem tam sn\u00edh.<\/p>\n<p style=\"text-align: left;\">Kliknut\u00edm <a href=\"http:\/\/www.slim2009.cz\/Prilohy\/Horni_Lyseciny.pdf\" target=\"_blank\" rel=\"noopener\">zde<\/a> se dozv\u00edte detaily z trasy.<a href=\"http:\/\/www.slim2009.cz\/wordpress\/wp-content\/uploads\/2009\/03\/horni-lyseainy-2009.jpg\" target=\"_blank\" rel=\"noopener\"><img loading=\"lazy\" decoding=\"async\" class=\" wp-image-401 alignleft\" title=\"horni-lyseainy-2009\" src=\"http:\/\/www.slim2009.cz\/wordpress\/wp-content\/uploads\/2009\/03\/horni-lyseainy-2009-300x261.jpg\" alt=\"horni-lyseainy-2009\" width=\"180\" height=\"157\" \/><\/a><a href=\"http:\/\/www.slim2009.cz\/wordpress\/wp-content\/uploads\/2009\/04\/mapa_lyseciny.jpg\" target=\"_blank\" rel=\"noopener\"><img loading=\"lazy\" decoding=\"async\" class=\"alignright wp-image-429\" title=\"mapa_lyseciny\" src=\"http:\/\/www.slim2009.cz\/wordpress\/wp-content\/uploads\/2009\/04\/mapa_lyseciny.jpg\" alt=\"mapa_lyseciny\" width=\"170\" height=\"124\" \/><\/a><br \/>\nKliknut\u00edm na mapu se zv\u011bt\u0161\u00ed.<\/p>\n<p style=\"text-align: left;\">Fotogalerie <a href=\"http:\/\/www.slim2009.cz\/photo\/#\/shared_space\/folder\/78?_k=ewypij\" target=\"_blank\" rel=\"noopener\">zde<\/a><\/p>\n<p style=\"text-align: left;\">Kr\u00e1tk\u00e9 video z pr\u016fjezdu sn\u011bhov\u00fdmi zav\u011bjemi <a href=\"http:\/\/www.slim2009.cz\/Prilohy\/Lyseciny01.wmv\" target=\"_blank\" rel=\"noopener\">tady<\/a>.<\/p>\n<p style=\"text-align: left;\"><a href=\"http:\/\/www.slim2009.cz\/wordpress\/wp-content\/uploads\/2009\/04\/img_1917_panorama.jpg\" target=\"_blank\" rel=\"noopener\"><img loading=\"lazy\" decoding=\"async\" class=\"alignnone wp-image-413\" title=\"img_1917_panorama\" src=\"http:\/\/www.slim2009.cz\/wordpress\/wp-content\/uploads\/2009\/04\/img_1917_panorama-300x93.jpg\" alt=\"img_1917_panorama\" width=\"300\" height=\"93\" \/><\/a><\/p>\n<p style=\"text-align: left;\">.<\/p>\n","protected":false},"excerpt":{"rendered":"<p>Tak to vy\u0161lo. V\u00fdjezd prob\u011bhl nad o\u010dek\u00e1v\u00e1n\u00ed. Po\u010das\u00ed nebylo nejhor\u0161\u00ed. Slune\u010dno, v\u011btrno, sem tam sn\u00edh. Kliknut\u00edm zde se dozv\u00edte detaily z trasy. Kliknut\u00edm na mapu se zv\u011bt\u0161\u00ed. Fotogalerie zde Kr\u00e1tk\u00e9 video z pr\u016fjezdu sn\u011bhov\u00fdmi zav\u011bjemi tady. .<\/p>\n","protected":false},"author":1,"featured_media":0,"parent":5066,"menu_order":1,"comment_status":"closed","ping_status":"closed","template":"","meta":{"footnotes":""},"class_list":["post-409","page","type-page","status-publish","hentry"],"_links":{"self":[{"href":"https:\/\/www.slim2009.cz\/wordpress\/wp-json\/wp\/v2\/pages\/409","targetHints":{"allow":["GET"]}}],"collection":[{"href":"https:\/\/www.slim2009.cz\/wordpress\/wp-json\/wp\/v2\/pages"}],"about":[{"href":"https:\/\/www.slim2009.cz\/wordpress\/wp-json\/wp\/v2\/types\/page"}],"author":[{"embeddable":true,"href":"https:\/\/www.slim2009.cz\/wordpress\/wp-json\/wp\/v2\/users\/1"}],"replies":[{"embeddable":true,"href":"https:\/\/www.slim2009.cz\/wordpress\/wp-json\/wp\/v2\/comments?post=409"}],"version-history":[{"count":0,"href":"https:\/\/www.slim2009.cz\/wordpress\/wp-json\/wp\/v2\/pages\/409\/revisions"}],"up":[{"embeddable":true,"href":"https:\/\/www.slim2009.cz\/wordpress\/wp-json\/wp\/v2\/pages\/5066"}],"wp:attachment":[{"href":"https:\/\/www.slim2009.cz\/wordpress\/wp-json\/wp\/v2\/media?parent=409"}],"curies":[{"name":"wp","href":"https:\/\/api.w.org\/{rel}","templated":true}]}}