{"id":4027,"date":"2018-05-30T20:00:16","date_gmt":"2018-05-30T19:00:16","guid":{"rendered":"http:\/\/188.120.214.195\/?page_id=4027"},"modified":"2018-05-30T20:00:16","modified_gmt":"2018-05-30T19:00:16","slug":"ceskym-waldem-2018","status":"publish","type":"page","link":"https:\/\/www.slim2009.cz\/wordpress\/vandry-2\/ceskym-waldem-2018\/","title":{"rendered":"\u010cesk\u00fdm Waldem 2018"},"content":{"rendered":"<p><strong>, aneb Ho\u0161i bo\u0159\u00ed Bob\u0159\u00ed hr\u00e1ze.<\/strong><br \/>\nPo v\u00edc, jak 1\/2roce se vrac\u00edme do Waldu, abysme ukrojili zase p\u00e1r kil\u00e1k\u016f z\u00a0jeho plochy. Ve st\u0159edu 16t\u00fdho, se sj\u00ed\u017ed\u00edme s\u00a0Jurou v\u00a0Praze na Wilzo\u0148\u00e1ku. Na n\u00e1stupi\u0161ti 2s n\u00e1s pohltil Ex 358 Z\u00e1padn\u00ed expres a v\u00a09:33 se vydal vst\u0159\u00edc v\u00fdluce. Spolu s\u00a0n\u00e1ma, se jeli, jac\u00edsi rusov\u00e9 mrknout, jak vypad\u00e1 \u0413\u0435\u0440\u043c\u0430\u043d\u0438\u044f. Palubn\u00ed kecaf\u00f3n i vizualiza\u010dn\u00ed inform\u00e1tor, hnedle s\u00a0odjezdem melduje, \u017ee mezi Rokycanama a N\u00fd\u0159any je v\u00fdluka, tak\u017ee Plze\u0148 \u00fapln\u011b m\u00edj\u00edme. Te\u010f je\u0161t\u011b, aby se to<a href=\"http:\/\/www.slim2009.cz\/wordpress\/wp-content\/uploads\/2018\/06\/IMG_1992-2.jpg\" target=\"_blank\" rel=\"noopener\"><img loading=\"lazy\" decoding=\"async\" class=\"alignright wp-image-4050\" src=\"http:\/\/www.slim2009.cz\/wordpress\/wp-content\/uploads\/2018\/06\/IMG_1992-2.jpg\" alt=\"\" width=\"201\" height=\"134\" \/><\/a> dozv\u011bd\u011bla sov\u011btsk\u00e1 delegace. \u0160t\u00edpl\u00edstek je v\u00a0m\u00fdm v\u011bku, tak to mo\u017en\u00e1 n\u011bb\u00fad\u011bt probl\u00e9ma. A opravdu, pr\u016fvod\u010d\u00ed je rozenej polygot: \u201e Kagd\u00e1 my b\u016fd\u011bm v\u00a0Rokycany, tak mus\u00edt\u011b prestup\u00e1\u0165 na autobus do N\u00fd\u0159any, j\u00f3\u00f3\u00f3 Rokycany, N\u00fd\u0159any autobusem panim\u00e1jete. Konec hl\u00e1\u0161en\u00ed na ruskom jazyk\u00e9. \u201c No ty koukali, co v\u00e1m budu vypr\u00e1v\u011bt. Na\u0161test\u00ed se vyskytl jeden spolucestuj\u00edc\u00ed a ten jim to p\u0159elo\u017eil je\u0161t\u011b jednou a l\u00e9pe. V\u00a0Rokycanech se povedlo v\u0161em p\u0159estoupit do autobus\u016f a v\u00a0N\u00fd\u0159anech na n\u00e1s \u010dekal fungl jinej p\u00f3jezd, kter\u00fdm jedeme, bez zpo\u017ed\u011bn\u00ed, a\u017e do Domal\u017eic, kde \u010dekal osob\u00e1k nach B\u011bl\u00e1 nad Radb\u016fzou. V\u00a0B\u011bl\u00fd \u0161up ven z\u00a0vlaku, jdeme p\u0159es barokn\u00ed most, naj\u00edt autobusovou zast\u00e1vku. Je d\u00e1vno po poledni, hlad m\u00e1me, tak si v\u00a0COOPu kupujeme rohl\u00edky, n\u011bco k\u00a0tomu a hlavn\u011b pitnou vodu. Nech\u00e1v\u00e1me se nasm\u011brovat do zast\u00e1vky. \u010cek\u00e1n\u00ed si kr\u00e1t\u00edme poj\u00edd\u00e1n\u00edm sva\u010diny. P\u0159ised\u00e1 si k\u00a0n\u00e1m klu\u010dina v\u011btnamsk\u00e1, p\u0159i\u010dem\u017e z\u00a0n\u00e1s celkem snadno, vyt\u00e1hnul vojensk\u00fd i jin\u00fd tajemstv\u00ed, aby pak ode\u0161el s\u00a0knihovnic\u00ed do knihovny, \u00fadajn\u011b pro d\u016fle\u017eit\u00fd kn\u00ed\u017eky. Z\u0159ejm\u011b to byl budouc\u00ed starosta. Autobus do Karlovy Hut\u011b jezd\u00ed p\u0159esn\u011b a pr\u00e1zdnej. Vystupujeme u kapli\u010dky, <a href=\"http:\/\/www.slim2009.cz\/wordpress\/wp-content\/uploads\/2018\/06\/Waldorf-2.gif\" target=\"_blank\" rel=\"noopener\"><img loading=\"lazy\" decoding=\"async\" class=\"alignleft wp-image-4066\" src=\"http:\/\/www.slim2009.cz\/wordpress\/wp-content\/uploads\/2018\/06\/Waldorf-2.gif\" alt=\"\" width=\"192\" height=\"131\" \/><\/a>mokrou krajinou se \u0161ineme 2kilometry do bejval\u00fd vesnice Walddorf. M\u00edsto vesni\u010dan\u016f, n\u00e1s v\u00edtaj uprchl\u00fd telata. Pasou se okolo bejval\u00fd \u0161koly. Spat\u0159iv n\u00e1s, v\u011bt\u0161ina se d\u00edrou v\u00a0ohrad\u011b vrac\u00ed na pastviny ke sv\u00fdm m\u00e1m\u00e1m kr\u00e1v\u00e1m. Nasazujeme de\u0161tn\u00edky, ur\u010dujeme sm\u011br a pokra\u010dujeme ve sm\u011bru \u0161ipek. Cesta stoup\u00e1, d\u00e9\u0161\u0165 de\u0161t\u00ed. Po n\u011bj\u00e1k\u00fdch dvou a p\u016fl kilometrech se n\u00e1m n\u011bco nezd\u00e1 na sm\u011brovk\u00e1ch, kter\u00fd \u0159\u00edkaj, \u017ee Ple\u0161 je vpravo. Jen\u017ee jestli jdeme dob\u0159e, mus\u00ed bejt p\u0159eci vlevo. \u010cu\u010d\u00edme do dvou map, navigace a Mapy.cz v\u00a0mobilu a furt nic. Himl, kde to sme? V\u00a0map\u011b z\u00a0roku 93, nejsou zna\u010dky, v\u00a0t\u00fd z\u00a0roku 2002 sice jsou, ale jinde. V\u00a0navigaci je to sice dob\u0159e, ale kde je k\u0159i\u017eovatka na kter\u00fd stoj\u00edme. Je\u0161t\u011b mobil s Mapy.cz a u\u017e to m\u00e1me. Celou dobu jdeme po cyklostezce, m\u00edsto po zelen\u00fd zna\u010dce, t\u00edm to je! To je klika, j\u00edt po zelen\u00fd, sme zm\u00e1chan\u00fd. U Ple\u0161e vysvitlo na p\u00e1r minut slunce. Jen\u017ee za Ple\u0161\u00ed znova za\u010d\u00edn\u00e1 kapat a pak lejt jako z\u00a0konve, zrovna kdy\u017e si m\u00e1me naj\u00edt nocle\u017ei\u0161t\u011b. Nach\u00e1z\u00edme se bl\u00edzko u Fran\u010diny hut\u011b, kde m\u00edvaj skauti t\u00e1bor, tak hled\u00e1me a nach\u00e1z\u00edme louku se studnou. Bohu\u017eel, jak sme se brod\u00edli vysokou tr\u00e1vou a tak jsme si ty boty, p\u0159eci jenom zm\u00e1chaly. Mezi stromy stav\u00edme p\u0159\u00edst\u0159e\u0161ek, zapalujeme ohe\u0148, pe\u010deme bu\u0159ty, va\u0159\u00edme \u010daj. Pomalu se smrk\u00e1v\u00e1, tak se po v\u00e9\u010de ukl\u00e1d\u00e1me do hajan. Sp\u00edme a\u017e do \u0161esti r\u00e1no.<br \/>\nVst\u00e1v\u00e1m prvn\u00ed, podpaluju kus lesa, va\u0159\u00edm \u010daj. Sam vst\u00e1v\u00e1 o p\u00e1r minut pozd\u011bjc a d\u011bl\u00e1 si taky sn\u00eddani. Pak se bal\u00edme,<a href=\"http:\/\/www.slim2009.cz\/wordpress\/wp-content\/uploads\/2018\/06\/IMG_2035-2.jpg\" target=\"_blank\" rel=\"noopener\"><img loading=\"lazy\" decoding=\"async\" class=\"alignright wp-image-4051\" src=\"http:\/\/www.slim2009.cz\/wordpress\/wp-content\/uploads\/2018\/06\/IMG_2035-2.jpg\" alt=\"\" width=\"192\" height=\"128\" \/><\/a> zahlasujeme stopy a odch\u00e1z\u00edme sm\u011brem k\u00a0\u017delezn\u00fd. Je zata\u017eeno, ale nic nepad\u00e1, snad to tak i z\u016fstane. U kapli\u010dky v\u00a0\u017delezn\u00fd Huti se obna\u017eujeme, p\u00e1\u010d je n\u00e1m teplo. Kousek za Hut\u00ed, se n\u00e1m naskytnul nev\u0161edn\u00ed obr\u00e1zek. Okolo hovna tancovala trojice z\u00e1jemc\u016f: \u201e \u0160nek, slim\u00e1k a hovniv\u00e1r.\u201c Vzhledem k\u00a0jejich rychlosti, sme je nechali krou\u017eit okolo toho v\u00fdrobku a pokra\u010dovali do \u017delezn\u00fd. Zdej\u0161\u00ed, prvn\u00ed dva bar\u00e1ky, m\u011bly na fas\u00e1d\u011b srd\u00ed\u010dka, ostatn\u00ed bu\u010f padaly, nebo jsou opu\u0161t\u011bn\u00fd. U pomn\u00edku padl\u00fdm ve Velk\u00fd v\u00e1lce, odpo\u010d\u00edv\u00e1me a vykon\u00e1v\u00e1me volac\u00ed ritu\u00e1l s domovem, neb od v\u010derej\u0161ka sign\u00e1l nebyl. V\u00a0cel\u00fd \u017delezn\u00fd nebylo \u017eiv\u00e1\u010dka, nato\u017e mrtv\u00e1\u010dka. Jenom je divn\u00fd, pro\u010d je tady tolik \u201ebordel\u016f\u201c a aut bez SPZetek. Silnice od \u017delezn\u00fd, n\u00e1s dovedla k bejval\u00fdmu hrani\u010dn\u00edmu p\u0159echodu, ale nech\u00e1v\u00e1me ho stranou. Po odbo\u010den\u00ed, za posledn\u00edm bar\u00e1kem a \u010derpac\u00ed stanic\u00ed, vyr\u016fstal na mezi K\u0159emen\u00e1\u010d osikov\u00fd. \u0160koda, \u017ee Sam, u\u017e vaj\u00ed\u010dka se\u017eral ke sn\u00eddani, mohli sme m\u00edt na ob\u011bd sma\u017eenici. Nevad\u00ed, j\u00eddla m\u00e1me dost, tak a\u0165 si roste. Jdeme mezi pastvinama, \u201eV\u00a0Luhu\u201c poprv\u00e9 vid\u00edme pr\u00e1ci bobra. N\u011bkter\u00fd stromy v\u00a0okol\u00ed, jsou pok\u00e1cen\u00fd a okousan\u00fd. Jen \u201epracant\u201c je n\u011bkde schovanej. Za Luhem vch\u00e1z\u00edme do Kolowratova lesa a v\u00a0n\u011bm n\u00e1s v\u00edt\u00e1 la\u0148. Brzo bude poledne, hlad m\u00e1me, proto zastavujeme u Kate\u0159\u00ednsk\u00fdho potoku a va\u0159\u00edme si j\u00eddlo. Okolo n\u00e1s projela skupina cyklist\u016f, ale jinak n\u00e1m do j\u00eddla nikdo ne\u010du\u010del. Po ob\u011bd\u011b jdeme p\u0159es Rybni\u010dnou, lesem na Smr\u010dinu. M\u00edj\u00edme h\u0159\u00edbek, zaparkovanej Lakato\u0161, bejvalou rotu pohrani\u010dn\u00ed str\u00e1\u017ee. Nadjezdem p\u0159ech\u00e1z\u00edme nad d\u00e1lnic\u00ed D5 a po necel\u00fdm kil\u00e1ku stoj\u00edme u \u010dty\u0159proudovky k\u00a0bejval\u00fd celnici Rozvadov. Na druh\u00fd stran\u011b pr\u00e1zdn\u00fd silnice, se no\u0159\u00edme znova do p\u0159\u00edrody. Po p\u00e1r des\u00edtk\u00e1ch metr\u016f, n\u00e1s zastavuje voda. <a href=\"http:\/\/www.slim2009.cz\/wordpress\/wp-content\/uploads\/2018\/06\/Bobr-2.gif\" target=\"_blank\" rel=\"noopener\"><img loading=\"lazy\" decoding=\"async\" class=\"alignleft wp-image-4049\" src=\"http:\/\/www.slim2009.cz\/wordpress\/wp-content\/uploads\/2018\/06\/Bobr-2.gif\" alt=\"\" width=\"192\" height=\"128\" \/><\/a>Asi ucpan\u00e1 propust pod cestou. Houby ucpan\u00e1! Bobr si ud\u011blal hr\u00e1z hned za propust\u00ed a t\u00edm n\u00e1s od\u0159\u00edznul od zbytku sv\u011bta. Nejprv se chceme zout a p\u0159ebrodit. Jen\u017ee do studen\u00fd vody se mi nechce, tak navrhuju bidlem str\u010dit do vr\u0161ku hr\u00e1ze a upustit 15\u010d\u00edsel vody. Jura vyt\u00e1hnul ma\u010detu, upravil kus b\u0159\u00edzky a jal se bo\u0159it hr\u00e1z. Dob\u0159e to m\u011bl postaven\u00fd a ucpan\u00fd bl\u00e1tem. N\u011bkolik, vhodn\u011b m\u00ed\u0159en\u00fdch str\u010den\u00ed a u\u017e to te\u010de! \u00daplnej n\u00e1m\u011bt na rom\u00e1n: \u201eHo\u0161i bo\u0159\u00ed Bob\u0159\u00ed hr\u00e1ze!\u201c Voda odtekla opravdu za n\u011bkolik minut. Nand\u00e1v\u00e1me b\u00e1gly, odch\u00e1z\u00edme k\u00a0bejval\u00fdm Hrani\u010dk\u00e1m. Kousek u Arno\u0161tina hamru, sly\u0161\u00edme zur\u010det pot\u016f\u010dek v\u00a0mezi. Sam prozkoumal jeho horn\u00ed tok, p\u0159i\u010dem\u017e neshledal \u017e\u00e1dnou vadu na kr\u00e1se. Vyrobil improvizovanej vodop\u00e1d a dob\u00edr\u00e1me vodu, kter\u00fd nen\u00ed nikdy dost. Pro sichr d\u00e1v\u00e1me do ka\u017ed\u00fd fla\u0161ky tabletu desinfekce. O kousek d\u00e1l se v\u00a0lese v\u00e1l\u00ed, \u017eelezn\u00fd ud\u011bl\u00e1tko. Netu\u0161\u00edme k\u00a0\u010demu je, tak pokra\u010dujeme naj\u00edt Arno\u0161tin hamr. Nach\u00e1z\u00edme jen zbytek n\u00e1honu a obnovenej k\u0159\u00ed\u017eek u bejval\u00fd zahr\u00e1dky. O n\u011bj\u00e1kej kil\u00e1k d\u00e1l, stoj\u00edme v\u00a0Hrani\u010dk\u00e1ch u \u0161koly. Vlastn\u011b u cedule, kter\u00e1 n\u00e1m ukazuje, \u017ee n\u011bkde kolem, byla \u0161kola a vesnice. Jedninej viditelnej poz\u016fstatek je betonovej mostek a t\u0159i l\u00edpy s\u00a0obnoven\u00fdm k\u0159\u00ed\u017ekem. U mostku si bobr postavil slu\u0161nou hr\u00e1z a okoln\u00ed osiky jsou p\u011bkn\u011b okousan\u00fd. Ten pacholek okousal i stromy s\u00a0pr\u016fm\u011brem kmene v\u00edc jak 1metr. Slunce u\u017e je zase dost n\u00edzko. Budeme hledat nocle\u017ei\u0161t\u011b. Za bejvalou st\u0159elnic\u00ed odbo\u010dujeme do lesa, hledat flek ke span\u00ed. Nach\u00e1z\u00edme ho na bejval\u00fd sign\u00e1lce, dneska \u00fapln\u011b zarostl\u00fd. Stav\u00edme p\u0159\u00edst\u0159e\u0161ek, va\u0159\u00edme \u010daje, ve\u010de\u0159\u00edme a uleh\u00e1me. U\u017e za malou chvilku chrupeme. Ob\u010das se v\u00a0noci proberu je ale <a href=\"http:\/\/www.slim2009.cz\/wordpress\/wp-content\/uploads\/2018\/06\/IMG_2264-2.jpg\" target=\"_blank\" rel=\"noopener\"><img loading=\"lazy\" decoding=\"async\" class=\"alignright wp-image-4060\" src=\"http:\/\/www.slim2009.cz\/wordpress\/wp-content\/uploads\/2018\/06\/IMG_2264-2.jpg\" alt=\"\" width=\"192\" height=\"128\" \/><\/a>tma tmouc\u00ed a ticho jak\u00fd jsem dlouho neza\u017eil. Sp\u00edme zase do n\u011bj\u00e1k\u00fdch \u0161esti.<br \/>\nPo sn\u00eddani a zabalen\u00ed prozkoum\u00e1v\u00e1me poz\u016fstatky sign\u00e1n\u00ed st\u011bny. Objevujeme izol\u00e1tory a skru\u017e, ze kter\u00fd vykukujou telefonn\u00ed kabely. Po ohled\u00e1n\u00ed historick\u00fdch artefakt\u016f, odch\u00e1z\u00edme k\u00a0Jedlin\u011b, dal\u0161\u00ed zlikvidovan\u00fd obci. Na pastvin\u00e1ch za Jedlinou se pasou st\u00e1da skot\u00e1k\u016f, v \u010dele s\u00a0hroziv\u00fdmi bejky. Rad\u0161i se nezdr\u017eujeme, aby n\u00e1s nepopohnali. Po 1,5kil\u00e1ku stoj\u00edme u z\u0159\u00edceniny z\u00e1mku Zah\u00e1j\u00ed, asi tak od roku 1945 opu\u0161t\u011bn\u00fdho. Ze z\u00e1mku stoj\u00ed trocha zd\u00ed a sklepn\u00edch prostor. Od ruin sch\u00e1z\u00edme rovnou na cestu, vedouc\u00ed do Bavorsk\u00fdho Waldheimu. P\u00e1r des\u00edtek metr\u016f p\u0159ed hranic\u00ed, st\u00e1vala za 1.republiky z\u00e1vora Ippen. Zbyla po n\u00ed jen ochrann\u00e1 kolejnice a zbytek betonov\u00fdho prahu. Za hrani\u010dn\u00ed \u010d\u00e1rou je jinej sv\u011bt. Bar\u00e1ky stojej, v\u0161echno je ope\u010dov\u00e1van\u00fd. Na lavi\u010dce u k\u0159\u00ed\u017eku se koch\u00e1me. V\u00a0Mapy.cz je vyzna\u010dena cesta po hranici. Vyr\u00e1\u017e\u00edme. Za posledn\u00edm bar\u00e1kem, zmizela cesti\u010dka kamsi k\u00a0potoku a vyno\u0159ila se u bejval\u00fdho mlejna. Pokra\u010dujeme pod\u00e9l potoku, a\u017e cesti\u010dka docela zmizela. Po p\u00e1r metrech se zjevuje kamenej mostek. Tady zji\u0161\u0165ujeme, \u017ee hranice vede jinde, tak\u017ee jsme zase ztracen\u00fd. Lesn\u00ed cestou p\u0159ich\u00e1z\u00edme do prostoru bejval\u00fdch \u010cesk\u00fdch domk\u016f, kde si prohl\u00ed\u017e\u00edme dal\u0161\u00ed zbytky z\u00e1vory Ippen. Po prohl\u00eddce zbytku z\u00e1vory, stoup\u00e1me k\u00a0hranici u Neudorfu. Ejhle, \u017eelezn\u00e1 opona byla zase vzty\u010dena. Nezbejv\u00e1, ne\u017e p\u0159esko\u010dit do Bavor. Povedlo se, tak jdem po \u010d\u00e1\u0159e, od patn\u00edku k\u00a0patn\u00edku. Modr\u00e1 zna\u010dka odbo\u010duje do na\u0161eho vnitrozem\u00ed, tak ji n\u00e1sledujeme. P\u0159emej\u0161l\u00edme, \u017ee poob\u011bdv\u00e1me a p\u0159\u00edle\u017eitost si n\u00e1s na\u0161la. \u010cum\u00edme jak tyd\u00fdti. P\u0159ed n\u00e1mi se objevily zbytky z\u00e1vory Ippen. Rozkl\u00e1d\u00e1me j\u00eddeln\u00ed pot\u0159eby, podpalujeme lih\u00e1\u010de a va\u0159\u00edme si ob\u011bd. Naob\u011bdvan\u00fd okukujeme prost\u0159\u00edlen\u00fd <a href=\"http:\/\/www.slim2009.cz\/wordpress\/wp-content\/uploads\/2018\/06\/IMG_2329-2.jpg\" target=\"_blank\" rel=\"noopener\"><img loading=\"lazy\" decoding=\"async\" class=\"alignleft wp-image-4061\" src=\"http:\/\/www.slim2009.cz\/wordpress\/wp-content\/uploads\/2018\/06\/IMG_2329-2.jpg\" alt=\"\" width=\"192\" height=\"128\" \/><\/a>\u017eelezn\u00fd zbytky Ippenu, rozkl\u00e1d\u00e1me n\u011bco pod sebe a odpo\u010d\u00edv\u00e1me asi tak hodinu, ne\u017e zase vyraz\u00edme. Jdeme lesem a\u017e k\u00a0funglov\u00fd asfaltce. Ta stoup\u00e1 a stoup\u00e1. Slunce do n\u00e1s pere, a\u017e se z\u00a0n\u00e1s kou\u0159\u00ed. Pr\u00e1v\u011b v\u010das se objevuje Jedloveck\u00fd pot\u016f\u010dek s\u00a0ledovou vodou. Dob\u00edr\u00e1me do \u010dutor, oplachujeme se. Osv\u011b\u017eeni lezeme k\u00a0vrcholu, kterej furt n\u00e9 a n\u00e9 se objevit. Propocen\u00fd odpo\u010d\u00edv\u00e1me na odbo\u010dce k\u00a0vrcholu Havran. Samotnej vrchol Havranu je vysokej 894m.n.m. a stoj\u00ed na n\u011bm rozhledna, vyroben\u00e1 z\u00a0vojensk\u00fd v\u011b\u017ee radiotechnick\u00fdho boje z\u00a0dob soc\u00edku. Nikde nikdo, v\u0161ude pusto. Pohled do na\u0161eho vnitrozem\u00ed ukazuje lesy, na Bavorsk\u00fd stran\u011b jsou pole, louky, bar\u00e1ky, v\u00a0d\u00e1lce z\u0159\u00edcenina hradu Schellenberg. Vykon\u00e1v\u00e1me telefonick\u00fd hovory, nebo\u0165 je tady sign\u00e1l. Rozhled je tady p\u011bknej, jen\u017ee mus\u00edme do setm\u011bn\u00ed doj\u00edt, n\u011bkam ke Star\u00fd Kn\u00ed\u017eec\u00ed Huti, odkud n\u00e1m zejtra pojede autobus. Slejz\u00e1me pod rozhlednu, bereme b\u00e1gly a panelkou sch\u00e1z\u00edme o 200metr\u016f n\u00ed\u017e ke Zlat\u00fdmu potoku, kterej p\u0159eskakujeme. Za neexistuj\u00edc\u00ed Kamenou h\u00e1jenkou, zalejz\u00e1me do lesa, kempovat. Postavit p\u0159\u00edst\u0159e\u0161ek, nebylo nejt\u011b\u017e\u0161\u00ed, ale naj\u00edt dva ploch\u00fd kameny, byl o\u0159\u00ed\u0161ek. Povedlo se. P\u0159esn\u011b dva. V\u00edc jich nebylo. Va\u0159\u00edme si ve\u010de\u0159i, odpo\u010d\u00edv\u00e1me. J\u00e1 se cejt\u00edm umolousanej, tak se koupu v\u00a0jedn\u00fd petce vody. 1\/2ka na namydlen\u00ed a druh\u00e1 1\/2ka na opl\u00e1chnut\u00ed. Hned se cejt\u00ed l\u00edp. Obl\u00edk\u00e1m si \u010dist\u00fd pr\u00e1dlo a uleh\u00e1me, neb se smrklo. Zase sp\u00edme a\u017e do r\u00e1na.<br \/>\nR\u00e1no bylo podez\u0159ele chladno, a\u010dkoliv v\u00a0noci n\u00e1m bylo hic. Va\u0159\u00edme si \u010daj, sn\u00edd\u00e1me. Pak se bal\u00edme a jdeme je\u0161t\u011b p\u0159ed<a href=\"http:\/\/www.slim2009.cz\/wordpress\/wp-content\/uploads\/2018\/06\/IMG_2470-2.jpg\" target=\"_blank\" rel=\"noopener\"><img loading=\"lazy\" decoding=\"async\" class=\"alignright wp-image-4064\" src=\"http:\/\/www.slim2009.cz\/wordpress\/wp-content\/uploads\/2018\/06\/IMG_2470-2.jpg\" alt=\"\" width=\"192\" height=\"128\" \/><\/a> odjezdem omrknou Arno\u0161tovu le\u0161t\u00edrnu. U Hu\u0165sk\u00fdho rybn\u00edku odbo\u010dujeme na Nau\u010dnou Stezku. U bejval\u00fdho stavidla n\u00e1honu, si prohl\u00ed\u017e\u00edme interaktivn\u00ed model vodn\u00edho pohonu. Pod\u00e9l n\u00e1honu se pak dost\u00e1v\u00e1me do bejval\u00fd le\u0161t\u00edrny, kterou nad\u0161enci v\u00a0roce 2013 vyhrabali ze sutin. Po prohl\u00eddce le\u0161t\u00edrny, pokra\u010dujeme p\u0159es Stoupu do Star\u00fd Kn\u00ed\u017eec\u00ed Huti. Jdeme okolo pomn\u00edku pochodu smrti a kolem bejval\u00fd roty PS. Na zast\u00e1vce shazujeme b\u00e1gly a \u010dek\u00e1me na p\u0159\u00edjezd busu. V\u00a0pravideln\u00fdm \u010dase odjezdu, je na zast\u00e1vce pusto. N\u011bj\u00e1k\u00fdch 15minut se nic ned\u011bje, kdy\u017e u\u017e to vypadalo, \u017ee budeme \u017eadonit u domorodc\u016f o pomoc, p\u0159i\u0159\u00edtil se autobus plnej cyklist\u016f a turist\u016f. Vykl\u00e1dka se p\u00e1r minut vlekla, ale i na n\u00e1s do\u0161lo. Do Tachova jedeme t\u0159i. \u0158idi\u010d a j\u00e1 se Samem. Zpo\u017ed\u011bn\u00ed n\u00e1m na\u0161t\u011bst\u00ed nevadilo, nebo\u0165 v\u00a0Tachov\u011b m\u00e1me hodinu na p\u0159estup do vlaku. Volnou chv\u00edli vypl\u0148ujeme \u0161opingov\u00e1n\u00edm v\u00a0Tesco. Kupujeme si ma\u010farskou klob\u00e1su, rohl\u00edky a pit\u00ed. V\u0161echno to tl\u00e1sk\u00e1me na per\u00f3nu n\u00e1dra\u017e\u00ed, pozorov\u00e1ni zelen\u00fdm Bluegrass hoppers. Jako posledn\u011b jedeme osob\u00e1kem do Plan\u00fd u Mari\u00e1nsk\u00fdch L\u00e1zn\u00ed, kde p\u0159estupujeme do expresu na Prahu. V\u00a0Praze se na\u0161e cesty, jako obvykle d\u011bl\u00ed. Sam jede rychl\u00edkem do Ti\u0161nova a j\u00e1 do Trutnova. V\u00a0Trutnov\u011b, jako obvykle nen\u00ed \u017e\u00e1dn\u00fd spojen\u00ed do Hor\u0148\u00e1ku, tak\u017ee jdu pod\u00e9l \u00dapy dom\u016f. A to je konec vandru.<\/p>\n<p>Fotky a videa <a href=\"http:\/\/www.slim2009.cz\/photo\/#\/shared_space\/folder\/386?_k=aexmus\" target=\"_blank\" rel=\"noopener\">zde.<\/a><\/p>\n<p>Kilometr\u00e1\u017e a vej\u0161kov\u00fd profily <a href=\"http:\/\/www.slim2009.cz\/Prilohy\/CeskymWaldem2018\/WaldemTrasa2018.pdf\" target=\"_blank\" rel=\"noopener\">tady.<\/a><\/p>\n<p>Origin\u00e1ln\u00ed itiner\u00e1\u0159 <a href=\"http:\/\/www.slim2009.cz\/Prilohy\/CeskymWaldem2018\/CeskymWaldem2018.pdf\" target=\"_blank\" rel=\"noopener\">tuhle.<\/a><\/p>\n<p>Video FHD ke sta\u017een\u00ed <a href=\"http:\/\/www.slim2009.cz\/Prilohy\/Videa\/Waldem2018.mp4\" target=\"_blank\" rel=\"noopener\">tady.<\/a><\/p>\n","protected":false},"excerpt":{"rendered":"<p>, aneb Ho\u0161i bo\u0159\u00ed Bob\u0159\u00ed hr\u00e1ze. Po v\u00edc, jak 1\/2roce se vrac\u00edme do Waldu, abysme ukrojili zase p\u00e1r kil\u00e1k\u016f z\u00a0jeho plochy. Ve st\u0159edu 16t\u00fdho, se sj\u00ed\u017ed\u00edme s\u00a0Jurou v\u00a0Praze na Wilzo\u0148\u00e1ku. Na n\u00e1stupi\u0161ti 2s n\u00e1s pohltil Ex 358 Z\u00e1padn\u00ed expres a &hellip; <a href=\"https:\/\/www.slim2009.cz\/wordpress\/vandry-2\/ceskym-waldem-2018\/\">Cel\u00fd p\u0159\u00edsp\u011bvek <span class=\"meta-nav\">&rarr;<\/span><\/a><\/p>\n","protected":false},"author":1,"featured_media":0,"parent":776,"menu_order":22,"comment_status":"closed","ping_status":"closed","template":"","meta":{"footnotes":""},"class_list":["post-4027","page","type-page","status-publish","hentry"],"_links":{"self":[{"href":"https:\/\/www.slim2009.cz\/wordpress\/wp-json\/wp\/v2\/pages\/4027","targetHints":{"allow":["GET"]}}],"collection":[{"href":"https:\/\/www.slim2009.cz\/wordpress\/wp-json\/wp\/v2\/pages"}],"about":[{"href":"https:\/\/www.slim2009.cz\/wordpress\/wp-json\/wp\/v2\/types\/page"}],"author":[{"embeddable":true,"href":"https:\/\/www.slim2009.cz\/wordpress\/wp-json\/wp\/v2\/users\/1"}],"replies":[{"embeddable":true,"href":"https:\/\/www.slim2009.cz\/wordpress\/wp-json\/wp\/v2\/comments?post=4027"}],"version-history":[{"count":0,"href":"https:\/\/www.slim2009.cz\/wordpress\/wp-json\/wp\/v2\/pages\/4027\/revisions"}],"up":[{"embeddable":true,"href":"https:\/\/www.slim2009.cz\/wordpress\/wp-json\/wp\/v2\/pages\/776"}],"wp:attachment":[{"href":"https:\/\/www.slim2009.cz\/wordpress\/wp-json\/wp\/v2\/media?parent=4027"}],"curies":[{"name":"wp","href":"https:\/\/api.w.org\/{rel}","templated":true}]}}