{"id":3730,"date":"2018-01-15T21:01:31","date_gmt":"2018-01-15T20:01:31","guid":{"rendered":"http:\/\/188.120.214.195\/?page_id=3730"},"modified":"2018-01-15T21:01:31","modified_gmt":"2018-01-15T20:01:31","slug":"zelivka-2009","status":"publish","type":"page","link":"https:\/\/www.slim2009.cz\/wordpress\/archivalie\/archiv-vandry\/zelivka-2009\/","title":{"rendered":"\u017delivka 2009"},"content":{"rendered":"<p>Je\u00a0 to p\u016fsobiv\u00e1 a romantick\u00e1 cesta za pozn\u00e1n\u00edm. V jednodenn\u00edm z\u00e1jezdu jsme nav\u0161t\u00edvili nedokon\u010denou prvorepublikovou d\u00e1lnici u Borovska, zru\u0161enou \u017eelezni\u010dn\u00ed tra\u0165 B.V.K. (Bene\u0161ov-Vla\u0161im-Kralovice Doln\u00ed), abychom druh\u00fd den r\u00e1no nav\u0161t\u00edvili z\u0159\u00edceninu hradu Ch\u0159enovice, nad \u0159ekou S\u00e1zavou a pak se p\u0159esunuli ze Zru\u010de nad S\u00e1zavou do \u201czanikl\u00e9\u201d obce Zahr\u00e1dka.\u00a0 To v\u0161echno v okol\u00ed n\u00e1dr\u017ee \u0160vihov \u201c\u017delivka\u201d.<\/p>\n<p>Fotografie jsou <a href=\"http:\/\/www.slim2009.cz\/photo\/#\/shared_space\/folder\/420?_k=i9qajc\" target=\"_blank\" rel=\"noopener\">zde.<\/a><\/p>\n<p><a href=\"http:\/\/www.slim2009.cz\/wordpress\/wp-content\/uploads\/2018\/01\/IMG_1215_panorama-3.jpg\" target=\"_blank\" rel=\"noopener\"><img loading=\"lazy\" decoding=\"async\" class=\"alignleft wp-image-3731\" src=\"http:\/\/www.slim2009.cz\/wordpress\/wp-content\/uploads\/2018\/01\/IMG_1215_panorama-3.jpg\" alt=\"\" width=\"719\" height=\"193\" \/><\/a><\/p>\n","protected":false},"excerpt":{"rendered":"<p>Je\u00a0 to p\u016fsobiv\u00e1 a romantick\u00e1 cesta za pozn\u00e1n\u00edm. V jednodenn\u00edm z\u00e1jezdu jsme nav\u0161t\u00edvili nedokon\u010denou prvorepublikovou d\u00e1lnici u Borovska, zru\u0161enou \u017eelezni\u010dn\u00ed tra\u0165 B.V.K. (Bene\u0161ov-Vla\u0161im-Kralovice Doln\u00ed), abychom druh\u00fd den r\u00e1no nav\u0161t\u00edvili z\u0159\u00edceninu hradu Ch\u0159enovice, nad \u0159ekou S\u00e1zavou a pak se p\u0159esunuli ze &hellip; <a href=\"https:\/\/www.slim2009.cz\/wordpress\/archivalie\/archiv-vandry\/zelivka-2009\/\">Cel\u00fd p\u0159\u00edsp\u011bvek <span class=\"meta-nav\">&rarr;<\/span><\/a><\/p>\n","protected":false},"author":1,"featured_media":0,"parent":5048,"menu_order":1,"comment_status":"closed","ping_status":"closed","template":"","meta":{"footnotes":""},"class_list":["post-3730","page","type-page","status-publish","hentry"],"_links":{"self":[{"href":"https:\/\/www.slim2009.cz\/wordpress\/wp-json\/wp\/v2\/pages\/3730","targetHints":{"allow":["GET"]}}],"collection":[{"href":"https:\/\/www.slim2009.cz\/wordpress\/wp-json\/wp\/v2\/pages"}],"about":[{"href":"https:\/\/www.slim2009.cz\/wordpress\/wp-json\/wp\/v2\/types\/page"}],"author":[{"embeddable":true,"href":"https:\/\/www.slim2009.cz\/wordpress\/wp-json\/wp\/v2\/users\/1"}],"replies":[{"embeddable":true,"href":"https:\/\/www.slim2009.cz\/wordpress\/wp-json\/wp\/v2\/comments?post=3730"}],"version-history":[{"count":0,"href":"https:\/\/www.slim2009.cz\/wordpress\/wp-json\/wp\/v2\/pages\/3730\/revisions"}],"up":[{"embeddable":true,"href":"https:\/\/www.slim2009.cz\/wordpress\/wp-json\/wp\/v2\/pages\/5048"}],"wp:attachment":[{"href":"https:\/\/www.slim2009.cz\/wordpress\/wp-json\/wp\/v2\/media?parent=3730"}],"curies":[{"name":"wp","href":"https:\/\/api.w.org\/{rel}","templated":true}]}}