{"id":372,"date":"2009-04-11T23:03:43","date_gmt":"2009-04-11T22:03:43","guid":{"rendered":"http:\/\/www.skip.cz\/milan\/?page_id=372"},"modified":"2009-04-11T23:03:43","modified_gmt":"2009-04-11T22:03:43","slug":"suzuki","status":"publish","type":"page","link":"https:\/\/www.slim2009.cz\/wordpress\/archivalie\/archiv-bulvar\/suzuki\/","title":{"rendered":"Suzuki \/ Agusta"},"content":{"rendered":"<p><a href=\"http:\/\/www.slim2009.cz\/photo\/#\/shared_space\/folder\/4?_k=6hmszk\" target=\"_blank\" rel=\"noopener\"><img decoding=\"async\" class=\"alignleft wp-image-373\" title=\"logo_suzuki\" src=\"http:\/\/www.slim2009.cz\/wordpress\/wp-content\/uploads\/2009\/04\/logo_suzuki.png\" alt=\"logo_suzuki\" \/>Na\u0161lapan\u00e9 projekty<\/a><\/p>\n<p><strong>Od\u00a0listopadu roku 2008 do dubna 2009, pro\u0161la &#8222;Rohl\u00edkova&#8220; ma\u0161ina rekonstrukc\u00ed a kliknut\u00edm na logo si m\u016f\u017eete pustit z\u00e1znam t\u00e9to akce.<br \/>\n<\/strong>Sta\u017een\u00ed videa v mp4 <strong><a href=\"http:\/\/www.slim2009.cz\/Prilohy\/Rohlikmoto.zip\" target=\"_blank\" rel=\"noopener\">zde.<\/a><\/strong>\u00a0Video obsahuje jak rekonstrukci, tak i z\u00e1b\u011bry ze z\u00e1vod\u016f. Hodinov\u00fd z\u00e1znam, kon\u010d\u00ed prodejem stroje.<\/p>\n<p><strong>\u00a0<\/strong><\/p>\n<p><strong>\u00a0<\/strong><\/p>\n<p>&nbsp;<\/p>\n<p><strong>DVD je mo\u017en\u00e9 zakoupit \u00a0v prodejn\u00e1ch:<\/strong><\/p>\n<p><strong>\u00a0&#8222;Pro\u00daCHO&#8220; \u00a0(<span style=\"color: #ff0000;\">Pro<\/span> <span style=\"color: #ff0000;\">\u00da<\/span>pln\u011b <span style=\"color: #ff0000;\">CH<\/span>ud\u00e9 <span style=\"color: #ff0000;\">O<\/span>b\u010dany)<\/strong><\/p>\n<p><strong>Za sm\u011b\u0161nou cenu: 30,-\u20ac.<\/strong><\/p>\n<p>&nbsp;<\/p>\n<p><img loading=\"lazy\" decoding=\"async\" class=\"alignleft wp-image-2516\" title=\"safe_image\" src=\"http:\/\/www.slim2009.cz\/wordpress\/wp-content\/uploads\/2009\/04\/safe_image-3.jpg\" alt=\"\" width=\"171\" height=\"116\" \/><\/p>\n<p>&nbsp;<\/p>\n<p>&nbsp;<\/p>\n<p>&nbsp;<\/p>\n<p>&nbsp;<\/p>\n<p>&nbsp;<\/p>\n<p>&nbsp;<\/p>\n<p>Motork\u00e1\u0159i!! Jsou sam\u00fd instrukce, samej cvi\u010dnej okruh! Ten ostravskej d\u011bdek si taky mysl\u00ed, \u017ee jsou to n\u011bjak\u00fd z\u00e1zraky! To se mus\u00ed p\u011bkn\u011b opatrn\u011b, klidn\u011b a fortel&#8230; jako 9.5.2013 okruh Brno<br \/>\n<strong>A takhle to dopad\u00e1 kdy\u017e jedete moc rychle!<br \/>\n<img loading=\"lazy\" decoding=\"async\" class=\"alignleft wp-image-2517\" title=\"OBM_1060\" src=\"http:\/\/www.slim2009.cz\/wordpress\/wp-content\/uploads\/2009\/04\/OBM_1060-3.jpg\" alt=\"\" width=\"230\" height=\"152\" \/><img loading=\"lazy\" decoding=\"async\" class=\"alignleft wp-image-2519\" title=\"OBM_1062\" src=\"http:\/\/www.slim2009.cz\/wordpress\/wp-content\/uploads\/2009\/04\/OBM_1062-3.jpg\" alt=\"\" width=\"239\" height=\"152\" \/><img loading=\"lazy\" decoding=\"async\" class=\"alignleft wp-image-2520\" title=\"OBM_1068\" src=\"http:\/\/www.slim2009.cz\/wordpress\/wp-content\/uploads\/2009\/04\/OBM_1068-3.jpg\" alt=\"\" width=\"244\" height=\"151\" \/><\/strong><\/p>\n<p>&nbsp;<\/p>\n<p>&nbsp;<\/p>\n<p>&nbsp;<\/p>\n<p><img loading=\"lazy\" decoding=\"async\" class=\"wp-image-2529 alignleft\" title=\"OBM_1078\" src=\"http:\/\/www.slim2009.cz\/wordpress\/wp-content\/uploads\/2009\/04\/OBM_1078-3.jpg\" alt=\"\" width=\"248\" height=\"146\" \/><\/p>\n<p>&nbsp;<\/p>\n<p><img loading=\"lazy\" decoding=\"async\" class=\"alignleft wp-image-2524\" title=\"OBM_1072\" src=\"http:\/\/www.slim2009.cz\/wordpress\/wp-content\/uploads\/2009\/04\/OBM_1072-3.jpg\" alt=\"\" width=\"230\" height=\"145\" \/><img loading=\"lazy\" decoding=\"async\" class=\"alignleft wp-image-2528\" title=\"OBM_1075\" src=\"http:\/\/www.slim2009.cz\/wordpress\/wp-content\/uploads\/2009\/04\/OBM_1075-3.jpg\" alt=\"\" width=\"230\" height=\"148\" \/><\/p>\n","protected":false},"excerpt":{"rendered":"<p>Na\u0161lapan\u00e9 projekty Od\u00a0listopadu roku 2008 do dubna 2009, pro\u0161la &#8222;Rohl\u00edkova&#8220; ma\u0161ina rekonstrukc\u00ed a kliknut\u00edm na logo si m\u016f\u017eete pustit z\u00e1znam t\u00e9to akce. Sta\u017een\u00ed videa v mp4 zde.\u00a0Video obsahuje jak rekonstrukci, tak i z\u00e1b\u011bry ze z\u00e1vod\u016f. Hodinov\u00fd z\u00e1znam, kon\u010d\u00ed prodejem stroje. &hellip; <a href=\"https:\/\/www.slim2009.cz\/wordpress\/archivalie\/archiv-bulvar\/suzuki\/\">Cel\u00fd p\u0159\u00edsp\u011bvek <span class=\"meta-nav\">&rarr;<\/span><\/a><\/p>\n","protected":false},"author":1,"featured_media":0,"parent":5086,"menu_order":3,"comment_status":"closed","ping_status":"closed","template":"","meta":{"footnotes":""},"class_list":["post-372","page","type-page","status-publish","hentry"],"_links":{"self":[{"href":"https:\/\/www.slim2009.cz\/wordpress\/wp-json\/wp\/v2\/pages\/372","targetHints":{"allow":["GET"]}}],"collection":[{"href":"https:\/\/www.slim2009.cz\/wordpress\/wp-json\/wp\/v2\/pages"}],"about":[{"href":"https:\/\/www.slim2009.cz\/wordpress\/wp-json\/wp\/v2\/types\/page"}],"author":[{"embeddable":true,"href":"https:\/\/www.slim2009.cz\/wordpress\/wp-json\/wp\/v2\/users\/1"}],"replies":[{"embeddable":true,"href":"https:\/\/www.slim2009.cz\/wordpress\/wp-json\/wp\/v2\/comments?post=372"}],"version-history":[{"count":0,"href":"https:\/\/www.slim2009.cz\/wordpress\/wp-json\/wp\/v2\/pages\/372\/revisions"}],"up":[{"embeddable":true,"href":"https:\/\/www.slim2009.cz\/wordpress\/wp-json\/wp\/v2\/pages\/5086"}],"wp:attachment":[{"href":"https:\/\/www.slim2009.cz\/wordpress\/wp-json\/wp\/v2\/media?parent=372"}],"curies":[{"name":"wp","href":"https:\/\/api.w.org\/{rel}","templated":true}]}}