{"id":3387,"date":"2017-04-23T16:00:15","date_gmt":"2017-04-23T15:00:15","guid":{"rendered":"http:\/\/188.120.214.195\/?page_id=3387"},"modified":"2017-04-23T16:00:15","modified_gmt":"2017-04-23T15:00:15","slug":"jak-postavit-vcelin","status":"publish","type":"page","link":"https:\/\/www.slim2009.cz\/wordpress\/povidky-a-jine-blaboly\/jak-postavit-vcelin\/","title":{"rendered":"Jak se stav\u00ed v\u010del\u00edn"},"content":{"rendered":"<p>Stavba v\u010del\u00edna prob\u00edhala p\u0159etr\u017eit\u011b n\u011bkolik m\u011bs\u00edc\u016f, od prvn\u00edho kopnut\u00ed na podzim 2014 do posledn\u00edho hr\u00e1bnut\u00ed hr\u00e1b\u011bma na ja\u0159e 2017. Pl\u00e1ny, se jako na ka\u017ed\u00fd stavb\u011b, neust\u00e1le dopl\u0148ovaly a m\u011bnily, tak jak vy\u017eadovala situace. Nap\u0159\u00edklad: \u201e\u017eelezobeton, byl nahrazen d\u0159evem, elektrika transmisema a dvoumu\u017en\u00e1 motorov\u00e1 pila, byla nahrazena bezmu\u017enou r\u00e1movou.\u201c Na stavb\u011b nebylo ubl\u00ed\u017eeno \u017e\u00e1dn\u00e9mu h\u0159eb\u00edku. Z\u00e1rove\u0148 nikdo netrp\u011bl p\u0159epracovanost\u00ed, nato\u017e syndromem vyho\u0159en\u00ed, krom plynov\u00fd bomby u va\u0159i\u010de, ale tam, se to po vypr\u00e1zdn\u011bn\u00ed p\u0159epokl\u00e1d\u00e1.<\/p>\n<p>Jak to teda prob\u00edhalo:<\/p>\n<p>1, kopykop. (2014)<br \/>\n2, \u0159ezy\u0159ez. (2015)<br \/>\n3, klepyklep. (2015)<br \/>\n4, a\u00fa\u00fa\u00fa\u016f. (2015)<br \/>\n5, a sakra. (2015)<br \/>\n6, BaK (Blb\u011b a K\u0159iv\u011b). (2015-2016)<br \/>\n7, n\u00e1pravn\u00e1 opat\u0159en\u00ed. (2015-2016)<br \/>\n8, prvn\u00ed term\u00edn. (2015)<br \/>\n9, druh\u00fd term\u00edn. (2016)<br \/>\n10, posledn\u00ed hr\u00e1bnut\u00ed (2017)<\/p>\n<p><img loading=\"lazy\" decoding=\"async\" class=\"alignleft wp-image-3390\" src=\"http:\/\/www.slim2009.cz\/wordpress\/wp-content\/uploads\/2017\/04\/IMG_001-3.jpg\" alt=\"IMG_001\" width=\"205\" height=\"155\" \/><a href=\"http:\/\/www.slim2009.cz\/wordpress\/wp-content\/uploads\/2017\/04\/IMG_4501-3.jpg\" target=\"_blank\" rel=\"noopener\"><img loading=\"lazy\" decoding=\"async\" class=\"wp-image-3391 alignleft\" src=\"http:\/\/www.slim2009.cz\/wordpress\/wp-content\/uploads\/2017\/04\/IMG_4501-3.jpg\" alt=\"IMG_4501\" width=\"240\" height=\"160\" \/><\/a><\/p>\n<p><a href=\"http:\/\/www.slim2009.cz\/wordpress\/wp-content\/uploads\/2017\/04\/IMG_8213-3.jpg\" target=\"_blank\" rel=\"noopener\"><img loading=\"lazy\" decoding=\"async\" class=\"wp-image-3392 alignleft\" src=\"http:\/\/www.slim2009.cz\/wordpress\/wp-content\/uploads\/2017\/04\/IMG_8213-3.jpg\" alt=\"IMG_8213\" width=\"228\" height=\"152\" \/><\/a><\/p>\n<p>&nbsp;<\/p>\n<p>&nbsp;<\/p>\n<p><a href=\"http:\/\/www.slim2009.cz\/wordpress\/wp-content\/uploads\/2017\/04\/IMG_5050-3.jpg\" target=\"_blank\" rel=\"noopener\"><img loading=\"lazy\" decoding=\"async\" class=\"alignleft wp-image-3415\" src=\"http:\/\/www.slim2009.cz\/wordpress\/wp-content\/uploads\/2017\/04\/IMG_5050-3.jpg\" alt=\"IMG_5050\" width=\"240\" height=\"160\" \/><\/a><\/p>\n<p>&nbsp;<\/p>\n<p>&nbsp;<\/p>\n<p><img loading=\"lazy\" decoding=\"async\" class=\"wp-image-3393 alignleft\" src=\"http:\/\/www.slim2009.cz\/wordpress\/wp-content\/uploads\/2017\/04\/IMG_8224-3.jpg\" alt=\"IMG_8224\" width=\"381\" height=\"213\" \/><\/p>\n<p>&nbsp;<\/p>\n<p>&nbsp;<\/p>\n<p>&nbsp;<\/p>\n<p>&nbsp;<\/p>\n<p>&nbsp;<\/p>\n<p>&nbsp;<\/p>\n<p>&nbsp;<\/p>\n<p>&nbsp;<\/p>\n<p>&nbsp;<\/p>\n<p>&nbsp;<\/p>\n<p>Slavnostn\u00ed uveden\u00ed do provozu se sice nekonalo, ale mo\u017enost prohl\u00eddek po domluv\u011b, je mo\u017en\u00e1. Sta\u010d\u00ed se domluvit. Aby bylo mo\u017en\u00fd uskute\u010dnit prohl\u00eddku, je nutn\u00fd\u00a0dodr\u017eet\u00a0n\u011bkolik dodr\u017een\u00ed. Rozhodn\u011b, \u017e\u00e1dn\u00fd pi\u010difuky, ani masti. V\u00a0obdob\u00ed jara, gum\u00e1ky. V\u00a0obdob\u00ed l\u00e9ta a podzimu, gum\u00e1ky a odvahu. Kdo trp\u00ed kr\u00e1vofobi\u00ed, domluv\u00ed si term\u00edn na leden. Av\u0161ak bude pot\u0159ebovat bu\u010f rolbu, nebo sn\u011b\u017enice. Od jara do podzimu, jsou pozemky siln\u011b zaminovan\u00fd, zatravn\u011bn\u00fd a do kopce. V\u00a0zim\u011b zasn\u011b\u017een\u00fd. V\u00a0obou p\u0159\u00edpadech kluzk\u00fd.<\/p>\n<p>Objedn\u00e1vky p\u0159ij\u00edm\u00e1m na adrese: <a href=\"mailto:milan156@tiscali.cz\">milan156@tiscali.cz<\/a> nebo telefonicky 602\u00a0887\u00a0610.<br \/>\nNebo se ptejte ka\u017edej p\u00e1tek, jestli n\u00e1hodou nebudu o v\u00edkendu na kopci.<\/p>\n<p>Fotky a videa jsou <a href=\"http:\/\/www.slim2009.cz\/photo\/#\/shared_space\/folder\/173?_k=l40sip\" target=\"_blank\" rel=\"noopener\">tadyhle.<\/a><\/p>\n","protected":false},"excerpt":{"rendered":"<p>Stavba v\u010del\u00edna prob\u00edhala p\u0159etr\u017eit\u011b n\u011bkolik m\u011bs\u00edc\u016f, od prvn\u00edho kopnut\u00ed na podzim 2014 do posledn\u00edho hr\u00e1bnut\u00ed hr\u00e1b\u011bma na ja\u0159e 2017. Pl\u00e1ny, se jako na ka\u017ed\u00fd stavb\u011b, neust\u00e1le dopl\u0148ovaly a m\u011bnily, tak jak vy\u017eadovala situace. Nap\u0159\u00edklad: \u201e\u017eelezobeton, byl nahrazen d\u0159evem, elektrika transmisema &hellip; <a href=\"https:\/\/www.slim2009.cz\/wordpress\/povidky-a-jine-blaboly\/jak-postavit-vcelin\/\">Cel\u00fd p\u0159\u00edsp\u011bvek <span class=\"meta-nav\">&rarr;<\/span><\/a><\/p>\n","protected":false},"author":1,"featured_media":0,"parent":1033,"menu_order":7,"comment_status":"closed","ping_status":"closed","template":"","meta":{"footnotes":""},"class_list":["post-3387","page","type-page","status-publish","hentry"],"_links":{"self":[{"href":"https:\/\/www.slim2009.cz\/wordpress\/wp-json\/wp\/v2\/pages\/3387","targetHints":{"allow":["GET"]}}],"collection":[{"href":"https:\/\/www.slim2009.cz\/wordpress\/wp-json\/wp\/v2\/pages"}],"about":[{"href":"https:\/\/www.slim2009.cz\/wordpress\/wp-json\/wp\/v2\/types\/page"}],"author":[{"embeddable":true,"href":"https:\/\/www.slim2009.cz\/wordpress\/wp-json\/wp\/v2\/users\/1"}],"replies":[{"embeddable":true,"href":"https:\/\/www.slim2009.cz\/wordpress\/wp-json\/wp\/v2\/comments?post=3387"}],"version-history":[{"count":0,"href":"https:\/\/www.slim2009.cz\/wordpress\/wp-json\/wp\/v2\/pages\/3387\/revisions"}],"up":[{"embeddable":true,"href":"https:\/\/www.slim2009.cz\/wordpress\/wp-json\/wp\/v2\/pages\/1033"}],"wp:attachment":[{"href":"https:\/\/www.slim2009.cz\/wordpress\/wp-json\/wp\/v2\/media?parent=3387"}],"curies":[{"name":"wp","href":"https:\/\/api.w.org\/{rel}","templated":true}]}}