{"id":3178,"date":"2016-08-18T13:34:24","date_gmt":"2016-08-18T12:34:24","guid":{"rendered":"http:\/\/188.120.214.195\/?page_id=3178"},"modified":"2016-08-18T13:34:24","modified_gmt":"2016-08-18T12:34:24","slug":"narozeninovy-let","status":"publish","type":"page","link":"https:\/\/www.slim2009.cz\/wordpress\/bulvar\/narozeninovy-let\/","title":{"rendered":"Narozeninov\u00fd let"},"content":{"rendered":"<p>K narozenin\u00e1m jsme dostali let. J\u00e1 od Luk\u00e1\u0161e Rongeho k 50s\u00e1tce a Ren\u010da ke ka\u017edoro\u010dn\u00edm 18tin\u00e1m ode m\u011b.<a href=\"http:\/\/www.slim2009.cz\/wordpress\/wp-content\/uploads\/2016\/08\/let-3.jpg\"><img loading=\"lazy\" decoding=\"async\" class=\"alignleft wp-image-3179\" src=\"http:\/\/www.slim2009.cz\/wordpress\/wp-content\/uploads\/2016\/08\/let-3.jpg\" alt=\"let\" width=\"587\" height=\"391\" \/><\/a><\/p>\n<p>&nbsp;<\/p>\n<p>&nbsp;<\/p>\n<p>&nbsp;<\/p>\n<p>&nbsp;<\/p>\n<p>&nbsp;<\/p>\n<p>&nbsp;<\/p>\n<p>&nbsp;<\/p>\n<p>&nbsp;<\/p>\n<p>&nbsp;<\/p>\n<p>&nbsp;<\/p>\n<p>Fotky jsou <a href=\"http:\/\/www.slim2009.cz\/photo\/#\/shared_space\/folder\/567?_k=kyasoa\" target=\"_blank\" rel=\"noopener\">tady.<\/a><\/p>\n<p>Tady je zabalen\u00fd kr\u00e1tk\u00fd FHD\u00a0<a href=\"http:\/\/www.slim2009.cz\/Prilohy\/Let2016.zip\" target=\"_blank\" rel=\"noopener\">video ke sta\u017een\u00ed<\/a>.<\/p>\n","protected":false},"excerpt":{"rendered":"<p>K narozenin\u00e1m jsme dostali let. J\u00e1 od Luk\u00e1\u0161e Rongeho k 50s\u00e1tce a Ren\u010da ke ka\u017edoro\u010dn\u00edm 18tin\u00e1m ode m\u011b. &nbsp; &nbsp; &nbsp; &nbsp; &nbsp; &nbsp; &nbsp; &nbsp; &nbsp; &nbsp; Fotky jsou tady. Tady je zabalen\u00fd kr\u00e1tk\u00fd FHD\u00a0video ke sta\u017een\u00ed.<\/p>\n","protected":false},"author":1,"featured_media":0,"parent":2168,"menu_order":11,"comment_status":"closed","ping_status":"closed","template":"","meta":{"footnotes":""},"class_list":["post-3178","page","type-page","status-publish","hentry"],"_links":{"self":[{"href":"https:\/\/www.slim2009.cz\/wordpress\/wp-json\/wp\/v2\/pages\/3178","targetHints":{"allow":["GET"]}}],"collection":[{"href":"https:\/\/www.slim2009.cz\/wordpress\/wp-json\/wp\/v2\/pages"}],"about":[{"href":"https:\/\/www.slim2009.cz\/wordpress\/wp-json\/wp\/v2\/types\/page"}],"author":[{"embeddable":true,"href":"https:\/\/www.slim2009.cz\/wordpress\/wp-json\/wp\/v2\/users\/1"}],"replies":[{"embeddable":true,"href":"https:\/\/www.slim2009.cz\/wordpress\/wp-json\/wp\/v2\/comments?post=3178"}],"version-history":[{"count":0,"href":"https:\/\/www.slim2009.cz\/wordpress\/wp-json\/wp\/v2\/pages\/3178\/revisions"}],"up":[{"embeddable":true,"href":"https:\/\/www.slim2009.cz\/wordpress\/wp-json\/wp\/v2\/pages\/2168"}],"wp:attachment":[{"href":"https:\/\/www.slim2009.cz\/wordpress\/wp-json\/wp\/v2\/media?parent=3178"}],"curies":[{"name":"wp","href":"https:\/\/api.w.org\/{rel}","templated":true}]}}