{"id":3147,"date":"2016-07-08T12:19:24","date_gmt":"2016-07-08T11:19:24","guid":{"rendered":"http:\/\/188.120.214.195\/?page_id=3147"},"modified":"2016-07-08T12:19:24","modified_gmt":"2016-07-08T11:19:24","slug":"prachovsky-skaly","status":"publish","type":"page","link":"https:\/\/www.slim2009.cz\/wordpress\/bulvar\/prachovsky-skaly\/","title":{"rendered":"Prachovsk\u00fd Sk\u00e1ly"},"content":{"rendered":"<p>Vyu\u017eili jsme prodlou\u017een\u00fdho v\u00edkendu a v ned\u011bli 3.7.2016, vyrazili do skal. Na pomoc s takovou \u0161trap\u00e1c\u00ed, jsme p\u0159izvali K\u00e1\u0165u s \u00c1\u010fou. <a href=\"http:\/\/www.slim2009.cz\/wordpress\/wp-content\/uploads\/2016\/07\/IMG_6394-3.jpg\" target=\"_blank\" rel=\"noopener\"><img loading=\"lazy\" decoding=\"async\" class=\"alignright wp-image-3151\" src=\"http:\/\/www.slim2009.cz\/wordpress\/wp-content\/uploads\/2016\/07\/IMG_6394-3.jpg\" alt=\"IMG_6394\" width=\"230\" height=\"154\" \/><\/a>Nablejskan\u00fd f\u00e1ro Ford Fusion, n\u00e1s celkem snadno dovezlo, p\u0159es hory, lesy a n\u011bkolikero obj\u00ed\u017ed\u011bk na parkovi\u0161t\u011b v Prachov\u011b. U pokladny jsme zakoupili l\u00edstky. P\u016fvodn\u011b jsme cht\u011bli rodinou vstupenku, jen\u017ee ta se prod\u00e1v\u00e1 pro dva dosp\u011bl\u00fd, d\u00edt\u011b a psa. Argument, \u017ee jsem pes nebyl akceptov\u00e1n, ikdy\u017e, jsem \u0161t\u011bkal a slintal, jako bernard\u00fdn. Po pokusu zakoupit pam\u011btn\u00ed minci, odch\u00e1z\u00edme do skal. Kolem dokola p\u00edskovec, stromy, vyhl\u00eddky. A furt dolu, nahoru, je\u0161t\u011b v\u00edc d\u00f3lu, \u010dek\u00e1n\u00ed a\u017e projdou nekone\u010dn\u00fd proudy lid\u00ed. V polovin\u011b cesty si s Ren\u010dou d\u00e1v\u00e1me housku, p\u0159i\u010dem\u017e \u00c1\u010fa u\u017e m\u00e1 d\u00e1vno n\u011bkolik tatranek v sob\u011b. Na druh\u00fd stran\u011b skal se zastavujeme u turistick\u00fd chaty. Druhou p\u016flku cesty, zahajujeme v\u00fdstupem po 5tistech \u00a0schodech. Naho\u0159e u\u017e z\u016fst\u00e1v\u00e1me a koch\u00e1me se n\u011bkolika vyhl\u00eddkama. Na jedn\u00fd si d\u00e1v\u00e1me dlouhou pauzu. Tu vypl\u0148ujeme focen\u00edm. N\u011bkolik fotek po\u0159\u00eddil profefion\u00e1l \u00c1\u010fa. Od severoz\u00e1padu se bl\u00ed\u017eil \u010dernej mrak, tak hibaj k autu a jedeme na ob\u011bd. Ten si d\u00e1v\u00e1me v Kumbursk\u00fdm \u00dajezdu. Po pozdn\u00edm ob\u011bd\u011b svi\u0161t\u00edme k domovu.<a href=\"http:\/\/www.slim2009.cz\/wordpress\/wp-content\/uploads\/2016\/07\/IMG_6305_panorama-3.jpg\" target=\"_blank\" rel=\"noopener\"><img loading=\"lazy\" decoding=\"async\" class=\"alignleft wp-image-3150\" src=\"http:\/\/www.slim2009.cz\/wordpress\/wp-content\/uploads\/2016\/07\/IMG_6305_panorama-3.jpg\" alt=\"IMG_6305_panorama\" width=\"720\" height=\"248\" \/><\/a><\/p>\n<p>&nbsp;<\/p>\n<p>&nbsp;<\/p>\n<p>&nbsp;<\/p>\n<p>&nbsp;<\/p>\n<p>&nbsp;<\/p>\n<p>&nbsp;<\/p>\n<p>&nbsp;<\/p>\n<p>&nbsp;<\/p>\n<p>&nbsp;<\/p>\n<p>&nbsp;<\/p>\n<p>Fotky a videa\u00a0<a href=\"http:\/\/www.slim2009.cz\/photo\/#\/shared_space\/folder\/81?_k=k4iraf\" target=\"_blank\" rel=\"noopener\">tady.<\/a><\/p>\n","protected":false},"excerpt":{"rendered":"<p>Vyu\u017eili jsme prodlou\u017een\u00fdho v\u00edkendu a v ned\u011bli 3.7.2016, vyrazili do skal. Na pomoc s takovou \u0161trap\u00e1c\u00ed, jsme p\u0159izvali K\u00e1\u0165u s \u00c1\u010fou. Nablejskan\u00fd f\u00e1ro Ford Fusion, n\u00e1s celkem snadno dovezlo, p\u0159es hory, lesy a n\u011bkolikero obj\u00ed\u017ed\u011bk na parkovi\u0161t\u011b v Prachov\u011b. U &hellip; <a href=\"https:\/\/www.slim2009.cz\/wordpress\/bulvar\/prachovsky-skaly\/\">Cel\u00fd p\u0159\u00edsp\u011bvek <span class=\"meta-nav\">&rarr;<\/span><\/a><\/p>\n","protected":false},"author":1,"featured_media":0,"parent":2168,"menu_order":9,"comment_status":"closed","ping_status":"closed","template":"","meta":{"footnotes":""},"class_list":["post-3147","page","type-page","status-publish","hentry"],"_links":{"self":[{"href":"https:\/\/www.slim2009.cz\/wordpress\/wp-json\/wp\/v2\/pages\/3147","targetHints":{"allow":["GET"]}}],"collection":[{"href":"https:\/\/www.slim2009.cz\/wordpress\/wp-json\/wp\/v2\/pages"}],"about":[{"href":"https:\/\/www.slim2009.cz\/wordpress\/wp-json\/wp\/v2\/types\/page"}],"author":[{"embeddable":true,"href":"https:\/\/www.slim2009.cz\/wordpress\/wp-json\/wp\/v2\/users\/1"}],"replies":[{"embeddable":true,"href":"https:\/\/www.slim2009.cz\/wordpress\/wp-json\/wp\/v2\/comments?post=3147"}],"version-history":[{"count":0,"href":"https:\/\/www.slim2009.cz\/wordpress\/wp-json\/wp\/v2\/pages\/3147\/revisions"}],"up":[{"embeddable":true,"href":"https:\/\/www.slim2009.cz\/wordpress\/wp-json\/wp\/v2\/pages\/2168"}],"wp:attachment":[{"href":"https:\/\/www.slim2009.cz\/wordpress\/wp-json\/wp\/v2\/media?parent=3147"}],"curies":[{"name":"wp","href":"https:\/\/api.w.org\/{rel}","templated":true}]}}