{"id":2073,"date":"2012-09-25T14:39:21","date_gmt":"2012-09-25T13:39:21","guid":{"rendered":"http:\/\/194.12.34.10\/?page_id=2073"},"modified":"2012-09-25T14:39:21","modified_gmt":"2012-09-25T13:39:21","slug":"rychlebske-stezky","status":"publish","type":"page","link":"https:\/\/www.slim2009.cz\/wordpress\/archivalie\/archiv-crnci\/rychlebske-stezky\/","title":{"rendered":"Rychlebsk\u00e9 stezky 2012"},"content":{"rendered":"<p>D\u00e1vn\u00fd sen v\u0161ech BAJKER\u016e, se stal skute\u010dnost\u00ed. V Rychlebsk\u00fdch hvozdech, byl zhmotn\u011bn do podoby\u00a0 n\u011bkolika &#8222;Trails&#8220;, teda Stezek, kudy se m\u016f\u017ee <img loading=\"lazy\" decoding=\"async\" class=\"alignleft wp-image-2103\" title=\"IMG_7239_panorama\" src=\"http:\/\/www.slim2009.cz\/wordpress\/wp-content\/uploads\/2012\/09\/IMG_7239_panorama-3.jpg\" alt=\"\" width=\"384\" height=\"99\" \/>odv\u00e1\u017en\u00fd &#8222;coolista&#8220; spustit do \u00fadol\u00ed. B\u00fdval\u00e9 loveck\u00e9 chodn\u00edky\u00a0se pod rukama nad\u0161enc\u016f, prom\u011bnily v \u00fa\u017easn\u00fd cykloz\u00e1\u017eitek. Jednoho dne,\u00a0n\u011bkdy na za\u010d\u00e1tku \u0161koln\u00edho roku, nebo na konci pr\u00e1zdnin, polo\u017eil Martin Qbic n\u00e1vnadu. Netrvalo dlouho a chytilo se okolo dvan\u00e1cti kousk\u016f, kte\u0159\u00ed vysolili pot\u0159ebnou z\u00e1lohu. Jup\u00ed! Pojedu na Trail. Term\u00edn 21. &#8211; 23.9.2012 se sice\u00a0trochu tlu\u010de se z\u00e1jezdem na vini\u010dn\u00ed tra\u0165\u00a0Pru\u0161\u00e1nky-Nechory, av\u0161ak my, nejtvrd\u0161\u00ed j\u00e1dro &#8222;Bikers&#8220;, rad\u0161i downhill. V\u00edno je pro d\u011bcka, tak\u017ee do Nechor vys\u00edl\u00e1m man\u017eelku, aby, jestli to p\u0159e\u017eiju, mi p\u0159ivezla Sauvignon. Ne\u017e n\u011bkam vyraz\u00edm, je nutn\u00fd trochu potr\u00e9novat a proto zap\u00edn\u00e1m <a href=\"https:\/\/youtu.be\/zYBfnqPgT5w\" target=\"_blank\" rel=\"noopener noreferrer\">Youtube<\/a>. V p\u00e1tek po pr\u00e1ci vyr\u00e1\u017e\u00edme J\u00e1 a P+H, zkratkou p\u0159es\u00a0Polsko do \u010cern\u00fd Vody. Po osumn\u00e1cti l\u00e9tech jedu do zahrani\u010d\u00ed a proto kouk\u00e1m jako vr\u00e1na co to maj\u00ed v PL za zna\u010dky. Je\u0161t\u011b \u017ee m\u011b navigace ukazuje jakou rychlost\u00ed m\u00e1m jet a <img loading=\"lazy\" decoding=\"async\" class=\"alignright wp-image-2104\" title=\"IMG_7146\" src=\"http:\/\/www.slim2009.cz\/wordpress\/wp-content\/uploads\/2012\/09\/IMG_7146-3.jpg\" alt=\"\" width=\"230\" height=\"154\" \/>kam odbo\u010dit. Rozd\u00edl ve stylu \u0159\u00edzen\u00ed oproti n\u00e1m nen\u00ed. 50% \u0159idi\u010d\u016f jsou vrazi, 49% sebevrazi a zbytek hovada a debilov\u00e9, stejn\u011b jako u n\u00e1s. Cesta ub\u011bhla jako voda, nikdo nikoho nezabil, akor\u00e1t sem tam omezil a ohrozil. Hlavn\u011b, \u017ee se nikomu nic nestalo. Za tmy p\u0159ij\u00ed\u017ed\u00edme na dvorek ubytovny. Po vylo\u017een\u00ed v\u011bc\u00ed a ubytov\u00e1n\u00ed se, vyr\u00e1\u017e\u00edme\u00a0za ostatn\u00edmi do m\u00edstn\u00ed hospody\u00a0U Ka\u0161t\u00e1nku. Hospodu u\u017e zn\u00e1m od kv\u011btna, kdy jsme tady zakon\u010dili vandr. Nen\u00ed teda p\u0159ekvapen\u00ed, \u017ee k j\u00eddlu je jenom sma\u017een\u00fd a p\u00edvo je &#8222;P\u0159\u00ed\u0161er\u00e1k&#8220; nebo &#8222;Urquell\u00e1k&#8220;. Hospoda se zapl\u0148uje nejprve lidima a v z\u00e1p\u011bt\u00ed kou\u0159em. P\u0159eb\u00edj\u00edme to sma\u017e\u00e1kem, zap\u00edj\u00edme Urquellem. Nas\u00e1v\u00e1me tu atmosf\u00e9ru pln\u00fdmi dou\u0161ky, tak\u017ee smrd\u00edme jako ras\u016fv pytel a pl\u00edce vyka\u0161l\u00e1vaj\u00ed darovan\u00fd dehet. Nevad\u00ed hned r\u00e1no provedeme odv\u011btr\u00e1n\u00ed plicn\u00edch skl\u00edpk\u016f. Rann\u00ed hygi\u00e9na, sn\u00eddan\u011b ze\u00a0 \u0161makul\u00e1d donesen\u00fdch z COOPu a trp\u011bliv\u011b vy\u010dk\u00e1vat a\u017e po\u010das\u00ed ukon\u010d\u00ed sekvenci mrholen\u00ed. Mrholen\u00ed bylo vypnuto okolo 9.40, tak\u017ee do sedel a vzh\u016fru na svah. Nevyr\u00e1\u017e\u00edme v\u0161ak v\u0161ichni. N\u011bkte\u0159\u00ed je\u0161t\u011b sn\u00eddaj\u00ed sma\u017een\u00fd vaj\u00ed\u010dka a dal\u0161\u00ed u\u017e zase v\u011bd\u00ed co by je <img loading=\"lazy\" decoding=\"async\" class=\"alignleft wp-image-2109\" title=\"IMG_7173\" src=\"http:\/\/www.slim2009.cz\/wordpress\/wp-content\/uploads\/2012\/09\/IMG_7173-3.jpg\" alt=\"\" width=\"228\" height=\"152\" \/>\u010dekalo pod Welsem a jedou Trail pod\u00e9l \u010cern\u00fdho potoka. My bla\u017een\u00ed v nev\u011bdom\u00ed stoup\u00e1me k jasn\u00fdm vrchol\u016fm. Asi\u00a0 polovina z\u00fa\u010dastn\u011bn\u00fdch trp\u00ed n\u011bj\u00e1k\u00fdmi neduhy, jako je hore\u010dka, nevolnost, bolest hlavy, prost\u011b takov\u00e1 mal\u00e1 mal\u00e1rie. Jsem tomu r\u00e1d, alespo\u0148 nebudou tolik kvaltovat a budu sta\u010dit. Sta\u010dim zhruba do p\u016flky stoup\u00e1n\u00ed a pak se propad\u00e1m beznad\u011bjn\u011b vzad. Skoro v\u0161ichni \u0161lapou, jenom j\u00e1 v\u00edc tla\u010d\u00edm, ne\u017e \u0161lapu. Co by se d\u011blo, kdyby byli zdrav\u00ed, l\u00edtali by snad? U\u017e to vypadalo, \u017ee si na ortopedii n\u011bkdo objednal opravu m\u00fdch kolen a\u00a0proto ten nekon\u010d\u00edc\u00ed kopec. Za hodinu dvacet minut, jsme vystoupali\u00a0460 metr\u016f nad \u010cern\u00fd Potok. To je 780metr\u016f nad mo\u0159em. Studen\u00fd v\u011btry nedovolily setrvat na jednom m\u00edst\u011b. Nezbylo ne\u017e se spustit d\u00f3lu. Od t\u00fdhle chv\u00edle si pamatuju jenom hrkhrk, frrrr, kv\u00ed\u00ed\u00ed\u00edk, smyk no prost\u011b mazec. Stromy zev\u0161ech stran (obvykle svisle). Kameny, kam\u00ednky, balvany p\u0159edemnou, zamnou, hlavn\u011b podemnou. Hup\u00edky, skoky, rolety z ko\u0159en\u016f, zat\u00e1\u010dky klopen\u00fd, vrace\u010dky.\u00a0 Postupn\u011b umdl\u00e9vaj\u00edc\u00ed prsty, o rukouch \u00a0i nohouch ani nemluv\u00edm. Op\u011bt \u010d\u00edm d\u00e1l t\u00edm v\u00edc zastavuju, aby se\u00a0zregenerovaly svaly ( asi m\u00e1lo dobr\u00fd vody ). P\u0159i jednom\u00a0takov\u00fdm degenerov\u00e1n\u00ed, se kolem prohnaly bajke\u0159i na celop\u00e9rech speci\u00e1lech. Hup, hop<img loading=\"lazy\" decoding=\"async\" class=\"alignright wp-image-2110\" title=\"IMG_7185\" src=\"http:\/\/www.slim2009.cz\/wordpress\/wp-content\/uploads\/2012\/09\/IMG_7185-3.jpg\" alt=\"\" width=\"230\" height=\"154\" \/> p\u0159es \u0161utr\u00e1k a jsou fprdel\u00ed\u00ed. Voni \u0161lapou i z kopce \ud83d\ude42 ?!!! No tak to zkus\u00edm jako oni. Sedlovka o fous d\u00f3lu, nasazuju tempo, h\u00f3\u00f3\u00f3p, sk\u00f3\u00f3k, v\u0161echno jako oni, jen trochu zpomalen\u011bjc. Zase doch\u00e1zej\u00ed s\u00edly. To bude ta fyzi\u010dka. Kdepak se to d\u00e1 koupit. Kouknu na Aukro \ud83d\ude42\u00a0Douf\u00e1m, \u017ee ji budou m\u00edt. Te\u010f u\u017e to zvl\u00e1dnu i bez n\u00ed. Na konec n\u00e1s prej \u010dekaj\u00ed jenom sjezdy. Posledn\u00ed sjez, kterej jsem absolvoval, byl sjez Odborov\u00fdch p\u0159ed\u00e1k\u016f \u010cSD v roce 1991, hned potom m\u011b vylou\u010dily z odbor\u016f a na opl\u00e1tku jsem se j\u00e1 vylou\u010dil z \u0159ad aiznbo\u0148\u00e1k\u016f. A to byl taky p\u011bknej se\u0161up! Tohle bylo podobn\u00fd, jenom to v\u00edc drncalo. Zase! U\u017e zas!?\u00a0Dneska u\u017e podruh\u00fd.\u00a0Zapom\u011bl jsem odjistit vydle a sjel drnc\u00e1ky bez pru\u017een\u00ed. Pozd\u011b fybicha honit. Hlavn\u011b, \u017ee mi to upravilo Parkinsona. Hlavou u\u017e klepu podstatn\u011b m\u00e9n\u011b a t\u0159es rukou mi dovoluje vychutnat ku\u0159ec\u00ed v\u00fdv\u00e1rek. Nudle\u00a0m\u00e1m jak v pol\u00edvce, tak u nosu. Pan\u00ed hoteli\u00e9rov\u00e1 z Hotelu \u010cern\u00e1 Voda pracuje se\u010d j\u00ed s\u00edly sta\u010d\u00ed, ale tak jak ona rozn\u00e1\u0161\u00ed, tak j\u00e1 jezd\u00edm Traily. O placen\u00ed nebudu ani vypr\u00e1v\u011bt. T\u00edm skon\u010dil prvn\u00ed den &#8222;Stezek&#8220;. Skupina P+H+J\u00e1, ulehla a\u00a0vstala, a\u017e r\u00e1no n\u00e1sleduj\u00edc\u00edho dne. N\u011bkte\u0159\u00ed ostatn\u00ed se \u0161li osv\u011b\u017eit op\u011bt do hotelu a n\u011bkte\u0159\u00ed z ostatn\u00edch je\u0161t\u011b pak za\u0161li ke Ka\u0161t\u00e1nku, <img loading=\"lazy\" decoding=\"async\" class=\"alignleft wp-image-2113\" title=\"IMG_7166\" src=\"http:\/\/www.slim2009.cz\/wordpress\/wp-content\/uploads\/2012\/09\/IMG_7166-3.jpg\" alt=\"\" width=\"230\" height=\"154\" \/>aby se dorazili.\u00a0J\u00e1 byl\u00a0dora\u017een &#8222;Sjezdy&#8220; a tak jsem se suprov\u011b vyspal. R\u00e1no vykouklo mod\u0159e a proto\u017ee v\u0161ichni spali, vydal jsem se na obch\u016fzku \u010cern\u00fd Vody. Za hospodou na pl\u00e1ni se p\u00e1sly hajtry v d\u00e1li \u0161t\u011bkal pes, slun\u00ed\u010dko vykukovalo z poza kopce. No idylka. Pomalu\u00a0 jsem se \u0161oural kolem nevysok\u00fdho ohradn\u00edku. Pes co \u0161t\u011bkal v d\u00e1li se p\u0159ibl\u00ed\u017eil a \u0161t\u011bkaj\u00edc, obe\u0161el m\u011b velk\u00fdm obloukem. Jedna hajtra spozorovala jak se to\u010d\u00edm na obrtl\u00edku, abych odvr\u00e1til nebezpe\u010d\u00ed, kdyby se snad pes rozhodl za\u00fato\u010dit a p\u0159ivynula se k ohradn\u00edku, p\u0159i\u010dem\u017e str\u010dila sv\u016fj sos\u00e1k p\u0159ed m\u016fj. Chvilku hajtru drbu a popl\u00e1c\u00e1vam. Teprve te\u010f si v\u0161imnu, \u017ee je to on. Hlavn\u011b \u017ee jsem ho zaujal:-). Po\u0159izuju nekolik sn\u00edmk\u016f a kr\u00e1\u010d\u00edm zas o pole d\u00e1l. Za hodinku se jinudy vrac\u00edm na z\u00e1kladnu, abych nedej bo\u017ee n\u011bco neprofl\u00e1k.<img loading=\"lazy\" decoding=\"async\" class=\"alignright wp-image-2116\" title=\"IMG_7148\" src=\"http:\/\/www.slim2009.cz\/wordpress\/wp-content\/uploads\/2012\/09\/IMG_7148-3.jpg\" alt=\"\" width=\"230\" height=\"154\" \/> Ale kdepak. V\u0161echno je jak bylo. V\u0161ichni je\u0161t\u011b sp\u00ed. Je osum hodin deset minut. Kolem dev\u00e1t\u00fd u\u017e je v\u0161echno\u00a0v pohybu. Dost\u00e1v\u00e1me instrukce, \u017ee do 10.00 mus\u00edme opustit pokoje. Sn\u00edd\u00e1me, bal\u00edme, nakl\u00e1d\u00e1me. Kolem des\u00e1t\u00fd vyr\u00e1\u017e\u00edme na Trail kolem \u010cern\u00fdho Potoka. Trail je pohodovka s minimem stoup\u00e1n\u00ed a kamen\u016f. I tak se pot\u00edm a s\u00edly ub\u00fdvaj\u00ed. P\u0159ed koncem trailu nav\u0161t\u011bvujeme &#8222;pion\u00fdrsk\u00fd t\u00e1bor&#8220; . Kone\u010dn\u011b tepl\u00fd lidsk\u00fd slovo. Pan majitel n\u00e1s v\u00edt\u00e1 m\u00edsou blnou bonb\u00f3n\u016f a slibuje don\u00e9st hory i doly j\u00eddla a pit\u00ed. \u010co\u010dkov\u00e1 pol\u00edfka, v\u00fdpe\u010dky se \u0161pen\u00e1tem\u00a0nebo bramborov\u00fd gul\u00e1\u0161. To prej m\u016f\u017eem m\u00edt, ne\u017e mrknem ku\u0159\u00edm okem. Sice bylo trochu brzo na ob\u011bd, ale lep\u0161\u00ed j\u00eddlo v \u017ealudku ne\u017eli j\u00eddlo\u00a0na j\u00eddel\u00e1ku, ne?! Abych nep\u011bl jenom sl\u00e1vu, tak ta pol\u00edvka byla trochu p\u0159icmrndl\u00e1 a jak \u0159ekla Petra: &#8222;Ten kastr\u00f3l bych vid\u011bt necht\u011bla.&#8220;\u00a0 Po zaplacen\u00ed a nasednut\u00ed na kola, zbylo sjet posledn\u00edch asi150metr\u016f trailu. Cesta zp\u00e1tky m\u011bla b\u00fdt celkem nuda. Jenom kdyby se\u00a0n\u011bkdo ztratil, bylo by po nud\u011b. Dohoda zn\u011bla: &#8220; Jedeme po modr\u00fd a\u017e k Velk\u00fdmu rybn\u00edku.&#8220; A to byla ta chyba. Modr\u00e1 zna\u010dka k Velk\u00fdmu rybn\u00edku nevede, ale m\u00edj\u00ed ho asi o 50metr\u016f. Zat\u00edm <img loading=\"lazy\" decoding=\"async\" class=\"wp-image-2115 alignleft\" title=\"IMG_7279\" src=\"http:\/\/www.slim2009.cz\/wordpress\/wp-content\/uploads\/2012\/09\/IMG_7279-3.jpg\" alt=\"\" width=\"230\" height=\"154\" \/>co ti, co jezd\u00ed rozv\u00e1\u017en\u011b p\u0159ejeli o p\u016fl kil\u00e1ku, tak ta, kter\u00e1 neust\u00e1le cht\u011bla jezdit na \u017eiletce (silni\u010dn\u00ed kolo), jela po modr\u00fd a\u017e do \u017dulov\u00fd, \u010d\u00edm\u017e ujela aspo\u0148 o deset kil\u00e1k\u016f v\u00edc. Na jej\u00ed z\u00e1chranu vyrazil z\u00e1chrann\u00fd t\u00fdm, ale psi ho zahnaly na z\u00e1kladnu.\u00a0\u010cek\u00e1n\u00ed jsme si zkr\u00e1tili sprchou a p\u0159\u00edpravami na odjezd ( to kdyby se p\u0159eci jenom nevr\u00e1tila ). Cesta zp\u00e1tky ub\u011bhla jako nic. A to je zase konec. Jo je\u0161t\u011b n\u011bco k fotk\u00e1m a vide\u00edm. Je to hnus. V\u0161echno rozmazan\u00fd. Pro\u010d? To nev\u00edm. Asi Parkinson.<br \/>\nJe\u0161t\u011b by se slu\u0161elo shrnout a vyhodnotit. No, jak bych to tak jednodu\u0161e a jasn\u011b popsal. Asi takhle: &#8220; Bylo to naprosto fam\u00f3zn\u00ed fiasko!&#8220; Kolena d\u00e1v\u00e1m do kupy gumov\u00fdma medv\u00eddkama. Prdel vokousan\u00e1 od vlka. Jelito p\u0159es cel\u00fd stehno. Chytil jsem ang\u00ednu, jako prase. Jestli m\u011b n\u011bkdo \u0159ekne, abych zase jel, tak se budu secsakramentsky kr\u00e1tce rozm\u00fd\u0161let, ne\u017e \u0159eknu j\u00e1\u00e1\u00e1\u00e1\u00e1\u00e1, chc\u00ed\u00ed\u00ed\u00ed\u00ed zas\u00e9\u00e9\u00e9\u00e9\u00e9, jup\u00ed\u00ed\u00ed\u00ed!!!!!!!!<\/p>\n<p>Fotky a videa\u00a0<a href=\"http:\/\/www.slim2009.cz\/photo\/#\/shared_space\/folder\/255?_k=k1581u\" target=\"_blank\" rel=\"noopener noreferrer\">zde<\/a>.\u00a0\u00a0\u00a0\u00a0\u00a0\u00a0Mapa Trail\u016f <a href=\"http:\/\/www.slim2009.cz\/Prilohy\/Vylety2012\/Traily_video\/mapa_trails.pdf\" target=\"_blank\" rel=\"noopener noreferrer\">zde<\/a>\u00a0\u00a0\u00a0\u00a0\u00a0 <a href=\"http:\/\/www.slim2009.cz\/Prilohy\/Vylety2012\/Traily_video\/Trail2012_all.pdf\" target=\"_blank\" rel=\"noopener noreferrer\">Profil_all<\/a> \u00a0\u00a0\u00a0\u00a0 <a href=\"http:\/\/www.slim2009.cz\/Prilohy\/Vylety2012\/Traily_video\/Trail2012_den01.pdf\" target=\"_blank\" rel=\"noopener noreferrer\">Profil_den01<\/a>\u00a0\u00a0\u00a0\u00a0\u00a0 <a href=\"http:\/\/www.slim2009.cz\/Prilohy\/Vylety2012\/Traily_video\/Trail2012_den02.pdf\" target=\"_blank\" rel=\"noopener noreferrer\">Profil_den02<\/a><\/p>\n<p>&nbsp;<\/p>\n<p>Pro fotkoshroma\u017e\u010fova\u010de ke sta\u017een\u00ed komplet zapakovan\u00fd fotky <a href=\"http:\/\/www.slim2009.cz\/Prilohy\/Vylety2012\/Traily_video\/Rychlebske Stezky.zip\" target=\"_blank\" rel=\"noopener noreferrer\">zde<\/a>.<\/p>\n","protected":false},"excerpt":{"rendered":"<p>D\u00e1vn\u00fd sen v\u0161ech BAJKER\u016e, se stal skute\u010dnost\u00ed. V Rychlebsk\u00fdch hvozdech, byl zhmotn\u011bn do podoby\u00a0 n\u011bkolika &#8222;Trails&#8220;, teda Stezek, kudy se m\u016f\u017ee odv\u00e1\u017en\u00fd &#8222;coolista&#8220; spustit do \u00fadol\u00ed. B\u00fdval\u00e9 loveck\u00e9 chodn\u00edky\u00a0se pod rukama nad\u0161enc\u016f, prom\u011bnily v \u00fa\u017easn\u00fd cykloz\u00e1\u017eitek. Jednoho dne,\u00a0n\u011bkdy na za\u010d\u00e1tku &hellip; <a href=\"https:\/\/www.slim2009.cz\/wordpress\/archivalie\/archiv-crnci\/rychlebske-stezky\/\">Cel\u00fd p\u0159\u00edsp\u011bvek <span class=\"meta-nav\">&rarr;<\/span><\/a><\/p>\n","protected":false},"author":1,"featured_media":0,"parent":5066,"menu_order":1,"comment_status":"closed","ping_status":"closed","template":"","meta":{"footnotes":""},"class_list":["post-2073","page","type-page","status-publish","hentry"],"_links":{"self":[{"href":"https:\/\/www.slim2009.cz\/wordpress\/wp-json\/wp\/v2\/pages\/2073","targetHints":{"allow":["GET"]}}],"collection":[{"href":"https:\/\/www.slim2009.cz\/wordpress\/wp-json\/wp\/v2\/pages"}],"about":[{"href":"https:\/\/www.slim2009.cz\/wordpress\/wp-json\/wp\/v2\/types\/page"}],"author":[{"embeddable":true,"href":"https:\/\/www.slim2009.cz\/wordpress\/wp-json\/wp\/v2\/users\/1"}],"replies":[{"embeddable":true,"href":"https:\/\/www.slim2009.cz\/wordpress\/wp-json\/wp\/v2\/comments?post=2073"}],"version-history":[{"count":0,"href":"https:\/\/www.slim2009.cz\/wordpress\/wp-json\/wp\/v2\/pages\/2073\/revisions"}],"up":[{"embeddable":true,"href":"https:\/\/www.slim2009.cz\/wordpress\/wp-json\/wp\/v2\/pages\/5066"}],"wp:attachment":[{"href":"https:\/\/www.slim2009.cz\/wordpress\/wp-json\/wp\/v2\/media?parent=2073"}],"curies":[{"name":"wp","href":"https:\/\/api.w.org\/{rel}","templated":true}]}}