{"id":1031,"date":"2010-10-12T11:01:47","date_gmt":"2010-10-12T10:01:47","guid":{"rendered":"http:\/\/www.skip.cz\/milan\/?page_id=1031"},"modified":"2010-10-12T11:01:47","modified_gmt":"2010-10-12T10:01:47","slug":"jak-jsem-se-stal-kacerem","status":"publish","type":"page","link":"https:\/\/www.slim2009.cz\/wordpress\/povidky-a-jine-blaboly\/jak-jsem-se-stal-kacerem\/","title":{"rendered":"Jak jsem se stal Ka\u010derem"},"content":{"rendered":"<p style=\"text-align: left;\">Cel\u00fd sv\u011bt t\u00edm \u017eije a tak jsem nemohl z\u016fstat stranou. I j\u00e1 se stal Ka\u010derem!.\u00a0( A\u017e se\u00a0tohle dozv\u00ed\u00a0jist\u00e1 nejmenovan\u00e1 Marta, tak z toho<a href=\"http:\/\/www.slim2009.cz\/wordpress\/wp-content\/uploads\/2010\/10\/IMG_9308.jpg\" target=\"_blank\" rel=\"noopener\"><img loading=\"lazy\" decoding=\"async\" class=\" wp-image-1049 alignright\" title=\"IMG_9308\" src=\"http:\/\/www.slim2009.cz\/wordpress\/wp-content\/uploads\/2010\/10\/IMG_9308.jpg\" alt=\"\" width=\"230\" height=\"154\" \/><\/a> bude na v\u011btvi ). U\u017e je to ale tak, jsem j\u00edm a nikdo mi to nem\u016f\u017ee zak\u00e1zat. Bohu\u017eel j\u00edm m\u016f\u017eu bejt jen n\u011bkdy a po omezenou dobu, pak se zase st\u00e1v\u00e1m s\u00e1m sebou. Nap\u0159\u00edklad, kdy\u017e se p\u016fjdu r\u00e1no umejt a vyzubit, meju si Valentu. To stejn\u00fd v poledne, zase meju Valentu. Jin\u00e1 je to ve\u010d\u00edr. To si narozd\u00edl od r\u00e1na umeju \u00fapln\u011b cel\u00fdho, celi\u010dk\u00fdho Valentu i s prdel\u00ed. Ale abych se vr\u00e1til ke Ka\u010derovi.<br \/>\nJak se j\u00edm st\u00e1t. M\u00e1te dv\u011b mo\u017enosti. Tou prvn\u00ed je narodit se tak: &#8220; Vi\u010f Jirko&#8220;. No a n\u00e1m ostatn\u00edm nezbejv\u00e1 ne\u017e se zaregistrovat na str\u00e1nkach <a href=\"http:\/\/www.geocaching.com\" target=\"_blank\" rel=\"noopener\">www.geocaching.com<\/a> a st\u00e1t se j\u00edm. Co je to geocaching. Je to celosv\u011btov\u00e1 hra, kde se hledaj &#8222;ke\u0161ky&#8220; nebo-li &#8222;poklad&#8220; v\u00edce <span style=\"color: #ff0000;\"><a href=\"http:\/\/navigovat.mobilmania.cz\/clanky\/AR.asp?ARI=112930\" target=\"_blank\" rel=\"noopener\">tady<\/a><\/span>\u00a0nebo na <a href=\"http:\/\/cs.wikipedia.org\/wiki\/Geocaching\" target=\"_blank\" rel=\"noopener\">http:\/\/cs.wikipedia.org\/wiki\/Geocaching<\/a>\u00a0nebo <a href=\"http:\/\/www.geocaching.cz\" target=\"_blank\" rel=\"noopener\">www.geocaching.cz<\/a>\u00a0. S ka\u017edou nalezenou ke\u0161kou se zvy\u0161uje sk\u00f3re nalezen\u00fdch. N\u011bkter\u00fd ke\u0161ky jsou mal\u00fd a obsahujou pouze se\u0161itek &#8222;logbook&#8220;, jin\u00e9 jsou tak velk\u00e9, \u017ee se v nich ukr\u00fdvaj\u00ed poklady ( ply\u0161\u00e1ci, postavi\u010dky z kidrvejce, mince &#8222;geocoin&#8220; atd. ) tu\u017eka a logbook. Hra m\u00e1 v\u00fdhodu v tom, \u017ee dok\u00e1\u017ee zabavit d\u011bti i dosp\u011blce a vejlet dostane dal\u0161\u00ed rozm\u011br. Kdy\u017e se zada\u0159\u00ed najdete &#8222;poklad&#8220;. V ke\u0161ce se m\u016f\u017ee nach\u00e1zet tzv. Travelbug. Je to v\u011bci\u010dka, kter\u00e1 chce obvykle cestovat a je vybavena identifika\u010dn\u00ed zn\u00e1mkou. Takovej p\u0159edm\u011bt se pohybuje sv\u011btem a\u017e nakonec doputuje do sv\u00e9ho c\u00edle. Jako p\u0159\u00edklad <a href=\"http:\/\/www.geocaching.com\/track\/details.aspx?id=1742948\" target=\"_blank\" rel=\"noopener\">kravi\u010dky Elsy<\/a>.<a href=\"http:\/\/www.slim2009.cz\/wordpress\/wp-content\/uploads\/2010\/10\/IMG_9320.jpg\" target=\"_blank\" rel=\"noopener\"><img loading=\"lazy\" decoding=\"async\" class=\"alignleft wp-image-1051\" title=\"IMG_9320\" src=\"http:\/\/www.slim2009.cz\/wordpress\/wp-content\/uploads\/2010\/10\/IMG_9320.jpg\" alt=\"\" width=\"512\" height=\"342\" \/><\/a>\u00a0A te\u010f pojede Elsa v p\u00e1tek do \u00dater\u00fd. A tak jsem se stal ka\u010derem.<br \/>\n(publikov\u00e1no 12.10.2010)<\/p>\n","protected":false},"excerpt":{"rendered":"<p>Cel\u00fd sv\u011bt t\u00edm \u017eije a tak jsem nemohl z\u016fstat stranou. I j\u00e1 se stal Ka\u010derem!.\u00a0( A\u017e se\u00a0tohle dozv\u00ed\u00a0jist\u00e1 nejmenovan\u00e1 Marta, tak z toho bude na v\u011btvi ). U\u017e je to ale tak, jsem j\u00edm a nikdo mi to nem\u016f\u017ee zak\u00e1zat. &hellip; <a href=\"https:\/\/www.slim2009.cz\/wordpress\/povidky-a-jine-blaboly\/jak-jsem-se-stal-kacerem\/\">Cel\u00fd p\u0159\u00edsp\u011bvek <span class=\"meta-nav\">&rarr;<\/span><\/a><\/p>\n","protected":false},"author":1,"featured_media":0,"parent":1033,"menu_order":2,"comment_status":"closed","ping_status":"closed","template":"","meta":{"footnotes":""},"class_list":["post-1031","page","type-page","status-publish","hentry"],"_links":{"self":[{"href":"https:\/\/www.slim2009.cz\/wordpress\/wp-json\/wp\/v2\/pages\/1031","targetHints":{"allow":["GET"]}}],"collection":[{"href":"https:\/\/www.slim2009.cz\/wordpress\/wp-json\/wp\/v2\/pages"}],"about":[{"href":"https:\/\/www.slim2009.cz\/wordpress\/wp-json\/wp\/v2\/types\/page"}],"author":[{"embeddable":true,"href":"https:\/\/www.slim2009.cz\/wordpress\/wp-json\/wp\/v2\/users\/1"}],"replies":[{"embeddable":true,"href":"https:\/\/www.slim2009.cz\/wordpress\/wp-json\/wp\/v2\/comments?post=1031"}],"version-history":[{"count":0,"href":"https:\/\/www.slim2009.cz\/wordpress\/wp-json\/wp\/v2\/pages\/1031\/revisions"}],"up":[{"embeddable":true,"href":"https:\/\/www.slim2009.cz\/wordpress\/wp-json\/wp\/v2\/pages\/1033"}],"wp:attachment":[{"href":"https:\/\/www.slim2009.cz\/wordpress\/wp-json\/wp\/v2\/media?parent=1031"}],"curies":[{"name":"wp","href":"https:\/\/api.w.org\/{rel}","templated":true}]}}